CRAN Package Check Results for Package rMVP

Last updated on 2021-03-03 08:48:45 CET.

Flavor Version Tinstall Tcheck Ttotal Status Flags
r-devel-linux-x86_64-debian-clang 1.0.4 OK
r-devel-linux-x86_64-debian-gcc 1.0.4 87.42 53.27 140.69 OK
r-devel-linux-x86_64-fedora-clang 1.0.5 282.24 NOTE
r-devel-linux-x86_64-fedora-gcc 1.0.5 249.03 NOTE
r-devel-windows-ix86+x86_64 1.0.4 292.00 128.00 420.00 OK
r-patched-linux-x86_64 1.0.4 102.59 65.48 168.07 OK
r-patched-solaris-x86 1.0.5 212.60 NOTE
r-release-linux-x86_64 1.0.4 107.59 65.94 173.53 OK
r-release-macos-x86_64 1.0.4 NOTE
r-release-windows-ix86+x86_64 1.0.4 210.00 104.00 314.00 OK
r-oldrel-macos-x86_64 1.0.4 NOTE
r-oldrel-windows-ix86+x86_64 1.0.4 250.00 113.00 363.00 OK

Check Details

Version: 1.0.5
Check: installed package size
Result: NOTE
     installed size is 19.7Mb
     sub-directories of 1Mb or more:
     libs 18.5Mb
Flavor: r-devel-linux-x86_64-fedora-clang

Version: 1.0.5
Check: dependencies in R code
Result: NOTE
    Namespace in Imports field not imported from: ‘Rcpp’
     All declared Imports should be used.
Flavors: r-devel-linux-x86_64-fedora-clang, r-devel-linux-x86_64-fedora-gcc, r-patched-solaris-x86

Version: 1.0.4
Check: installed package size
Result: NOTE
     installed size is 20.4Mb
     sub-directories of 1Mb or more:
     libs 19.2Mb
Flavors: r-release-macos-x86_64, r-oldrel-macos-x86_64

Version: 1.0.4
Check: dependencies in R code
Result: NOTE
    Namespace in Imports field not imported from: ‘Rcpp’
     All declared Imports should be used.
Flavors: r-release-macos-x86_64, r-oldrel-macos-x86_64