CRAN Package Check Results for Package rJPSGCS

Last updated on 2021-03-03 08:48:45 CET.

Flavor Version Tinstall Tcheck Ttotal Status Flags
r-devel-linux-x86_64-debian-clang 0.2-10 OK
r-devel-linux-x86_64-debian-gcc 0.2-10 8.62 66.53 75.15 OK
r-devel-linux-x86_64-fedora-clang 0.2-10 132.73 OK
r-devel-linux-x86_64-fedora-gcc 0.2-10 118.83 OK
r-devel-windows-ix86+x86_64 0.2-10 28.00 144.00 172.00 OK
r-patched-linux-x86_64 0.2-10 10.77 81.29 92.06 OK
r-release-linux-x86_64 0.2-10 12.15 81.17 93.32 OK
r-release-macos-x86_64 0.2-10 ERROR
r-release-windows-ix86+x86_64 0.2-10 23.00 110.00 133.00 OK
r-oldrel-macos-x86_64 0.2-10 OK
r-oldrel-windows-ix86+x86_64 0.2-10 18.00 96.00 114.00 OK

Check Details

Version: 0.2-10
Check: package dependencies
Result: ERROR
    Package required but not available: ‘chopsticks’
    
    See section ‘The DESCRIPTION file’ in the ‘Writing R Extensions’
    manual.
Flavor: r-release-macos-x86_64