Last updated on 2021-03-03 08:48:44 CET.
Flavor | Version | Tinstall | Tcheck | Ttotal | Status | Flags |
---|---|---|---|---|---|---|
r-devel-linux-x86_64-debian-clang | 1.1 | NOTE | ||||
r-devel-linux-x86_64-debian-gcc | 1.1 | 1.70 | 22.67 | 24.37 | NOTE | |
r-devel-linux-x86_64-fedora-clang | 1.1 | 47.84 | NOTE | |||
r-devel-linux-x86_64-fedora-gcc | 1.1 | 36.65 | NOTE | |||
r-devel-windows-ix86+x86_64 | 1.1 | 4.00 | 43.00 | 47.00 | NOTE | |
r-patched-linux-x86_64 | 1.1 | 2.07 | 28.09 | 30.16 | NOTE | |
r-patched-solaris-x86 | 1.1 | 52.40 | NOTE | |||
r-release-linux-x86_64 | 1.1 | 1.93 | 28.24 | 30.17 | NOTE | |
r-release-macos-x86_64 | 1.1 | NOTE | ||||
r-release-windows-ix86+x86_64 | 1.1 | 4.00 | 38.00 | 42.00 | NOTE | |
r-oldrel-macos-x86_64 | 1.1 | NOTE | ||||
r-oldrel-windows-ix86+x86_64 | 1.1 | 3.00 | 32.00 | 35.00 | NOTE |
Version: 1.1
Check: R code for possible problems
Result: NOTE
cmaOptimDP: no visible global function definition for 'flush.console'
Undefined global functions or variables:
flush.console
Consider adding
importFrom("utils", "flush.console")
to your NAMESPACE file.
Flavors: r-devel-linux-x86_64-debian-clang, r-devel-linux-x86_64-debian-gcc, r-devel-linux-x86_64-fedora-clang, r-devel-linux-x86_64-fedora-gcc, r-devel-windows-ix86+x86_64, r-patched-linux-x86_64, r-patched-solaris-x86, r-release-linux-x86_64, r-release-macos-x86_64, r-release-windows-ix86+x86_64, r-oldrel-macos-x86_64, r-oldrel-windows-ix86+x86_64
Version: 1.1
Check: for non-standard things in the check directory
Result: NOTE
Found the following files/directories:
'outcmaesdisp.dat'
Flavors: r-devel-linux-x86_64-debian-clang, r-devel-linux-x86_64-debian-gcc, r-devel-linux-x86_64-fedora-clang, r-devel-linux-x86_64-fedora-gcc, r-patched-linux-x86_64, r-patched-solaris-x86, r-release-linux-x86_64