CRAN Package Check Results for Package quad

Last updated on 2021-04-16 07:48:11 CEST.

Flavor Version Tinstall Tcheck Ttotal Status Flags
r-devel-linux-x86_64-debian-clang 1.0 2.22 22.60 24.82 NOTE
r-devel-linux-x86_64-debian-gcc 1.0 1.61 18.22 19.83 NOTE
r-devel-linux-x86_64-fedora-clang 1.0 40.89 NOTE
r-devel-linux-x86_64-fedora-gcc 1.0 30.17 NOTE
r-devel-windows-ix86+x86_64 1.0 5.00 32.00 37.00 NOTE
r-devel-windows-x86_64-gcc10-UCRT 1.0 NOTE
r-patched-linux-x86_64 1.0 1.90 22.01 23.91 NOTE
r-patched-solaris-x86 1.0 47.20 NOTE
r-release-linux-x86_64 1.0 2.21 21.99 24.20 NOTE
r-release-macos-x86_64 1.0 NOTE
r-release-windows-ix86+x86_64 1.0 4.00 26.00 30.00 NOTE
r-oldrel-macos-x86_64 1.0 NOTE
r-oldrel-windows-ix86+x86_64 1.0 4.00 42.00 46.00 NOTE

Check Details

Version: 1.0
Check: R code for possible problems
Result: NOTE
    quadp: no visible global function definition for 'var'
    Undefined global functions or variables:
     var
    Consider adding
     importFrom("stats", "var")
    to your NAMESPACE file.
Flavors: r-devel-linux-x86_64-debian-clang, r-devel-linux-x86_64-debian-gcc, r-devel-linux-x86_64-fedora-clang, r-devel-linux-x86_64-fedora-gcc, r-devel-windows-ix86+x86_64, r-devel-windows-x86_64-gcc10-UCRT, r-patched-linux-x86_64, r-patched-solaris-x86, r-release-linux-x86_64, r-release-macos-x86_64, r-release-windows-ix86+x86_64, r-oldrel-macos-x86_64, r-oldrel-windows-ix86+x86_64