CRAN Package Check Results for Package prt

Last updated on 2021-04-22 07:48:16 CEST.

Flavor Version Tinstall Tcheck Ttotal Status Flags
r-devel-linux-x86_64-debian-clang 0.1.3 4.72 62.85 67.57 NOTE
r-devel-linux-x86_64-debian-gcc 0.1.3 3.51 47.51 51.02 NOTE
r-devel-linux-x86_64-fedora-clang 0.1.3 88.53 NOTE
r-devel-linux-x86_64-fedora-gcc 0.1.3 76.51 NOTE
r-devel-windows-ix86+x86_64 0.1.3 10.00 82.00 92.00 NOTE
r-devel-windows-x86_64-gcc10-UCRT 0.1.3 NOTE
r-patched-linux-x86_64 0.1.3 3.98 56.97 60.95 WARN
r-patched-solaris-x86 0.1.3 102.40 WARN
r-release-linux-x86_64 0.1.3 4.66 55.99 60.65 OK
r-release-macos-x86_64 0.1.3 NOTE
r-release-windows-ix86+x86_64 0.1.3 10.00 74.00 84.00 OK
r-oldrel-macos-x86_64 0.1.3 NOTE
r-oldrel-windows-ix86+x86_64 0.1.3 28.00 71.00 99.00 OK

Check Details

Version: 0.1.3
Check: LazyData
Result: NOTE
     'LazyData' is specified without a 'data' directory
Flavors: r-devel-linux-x86_64-debian-clang, r-devel-linux-x86_64-debian-gcc, r-devel-linux-x86_64-fedora-clang, r-devel-linux-x86_64-fedora-gcc, r-devel-windows-ix86+x86_64, r-devel-windows-x86_64-gcc10-UCRT

Version: 0.1.3
Check: dependencies in R code
Result: NOTE
    Namespace in Imports field not imported from: ‘knitr’
     All declared Imports should be used.
Flavors: r-devel-linux-x86_64-fedora-clang, r-devel-linux-x86_64-fedora-gcc, r-devel-windows-x86_64-gcc10-UCRT, r-patched-solaris-x86, r-release-macos-x86_64, r-oldrel-macos-x86_64

Version: 0.1.3
Check: whether package can be installed
Result: WARN
    Found the following significant warnings:
     Rd warning: /tmp/RtmpzMnEAm/R.INSTALL509953519763/prt/man/formatting.Rd:50: file link ‘tbl_sum’ in package ‘tibble’ does not exist and so has been treated as a topic
     Rd warning: /tmp/RtmpzMnEAm/R.INSTALL509953519763/prt/man/glimpse.Rd:33: file link ‘glimpse’ in package ‘tibble’ does not exist and so has been treated as a topic
     Rd warning: /tmp/RtmpzMnEAm/R.INSTALL509953519763/prt/man/glimpse.Rd:39: file link ‘glimpse’ in package ‘tibble’ does not exist and so has been treated as a topic
     Rd warning: /tmp/RtmpzMnEAm/R.INSTALL509953519763/prt/man/glimpse.Rd:43: file link ‘glimpse’ in package ‘tibble’ does not exist and so has been treated as a topic
     Rd warning: /tmp/RtmpzMnEAm/R.INSTALL509953519763/prt/man/glimpse.Rd:46: file link ‘glimpse’ in package ‘tibble’ does not exist and so has been treated as a topic
     Rd warning: /tmp/RtmpzMnEAm/R.INSTALL509953519763/prt/man/subsetting.Rd:28: file link ‘backtick’ in package ‘base’ does not exist and so has been treated as a topic
Flavor: r-patched-linux-x86_64

Version: 0.1.3
Check: re-building of vignette outputs
Result: WARN
    Error(s) in re-building vignettes:
     ...
    --- re-building ‘prt.Rmd’ using rmarkdown
    Warning in engine$weave(file, quiet = quiet, encoding = enc) :
     Pandoc (>= 1.12.3) not available. Falling back to R Markdown v1.
    
     *** caught segfault ***
    address 23c48715, cause 'memory not mapped'
    
    Traceback:
     1: fstretrieve(file_name, columns, from, to)
     2: fst::read_fst(fst_filename(x), columns = unique(columns), from = from, to = to, as.data.table = TRUE)
     3: FUN(X[[i]], ...)
     4: lapply(unclass(x), ...)
     5: prt_lapply(x, fst_read, rows = NULL, columns = columns)
     6: prt_read(x, rows = i, columns = j)
     7: prt_subset2(x, j = i, i = NULL)
     8: `[[.prt`(flights, 1L)
     9: flights[[1L]]
    10: str(flights[[1L]])
    11: eval(expr, envir, enclos)
    12: eval(expr, envir, enclos)
    13: withVisible(eval(expr, envir, enclos))
    14: withCallingHandlers(withVisible(eval(expr, envir, enclos)), warning = wHandler, error = eHandler, message = mHandler)
    15: handle(ev <- withCallingHandlers(withVisible(eval(expr, envir, enclos)), warning = wHandler, error = eHandler, message = mHandler))
    16: timing_fn(handle(ev <- withCallingHandlers(withVisible(eval(expr, envir, enclos)), warning = wHandler, error = eHandler, message = mHandler)))
    17: evaluate_call(expr, parsed$src[[i]], envir = envir, enclos = enclos, debug = debug, last = i == length(out), use_try = stop_on_error != 2L, keep_warning = keep_warning, keep_message = keep_message, output_handler = output_handler, include_timing = include_timing)
    18: evaluate::evaluate(...)
    19: evaluate(code, envir = env, new_device = FALSE, keep_warning = !isFALSE(options$warning), keep_message = !isFALSE(options$message), stop_on_error = if (is.numeric(options$error)) options$error else { if (options$error && options$include) 0L else 2L }, output_handler = knit_handlers(options$render, options))
    20: in_dir(input_dir(), evaluate(code, envir = env, new_device = FALSE, keep_warning = !isFALSE(options$warning), keep_message = !isFALSE(options$message), stop_on_error = if (is.numeric(options$error)) options$error else { if (options$error && options$include) 0L else 2L }, output_handler = knit_handlers(options$render, options)))
    21: eng_r(options)
    22: block_exec(params)
    23: call_block(x)
    24: process_group.block(group)
    25: process_group(group)
    26: withCallingHandlers(if (tangle) process_tangle(group) else process_group(group), error = function(e) { setwd(wd) cat(res, sep = "\n", file = output %n% "") message("Quitting from lines ", paste(current_lines(i), collapse = "-"), " (", knit_concord$get("infile"), ") ") })
    27: process_file(text, output)
    28: knit(input, text = text, envir = envir, quiet = quiet)
    29: knit2html(..., force_v1 = TRUE)
    30: (if (grepl("\\.[Rr]md$", file)) knit2html_v1 else if (grepl("\\.[Rr]rst$", file)) knit2pandoc else knit)(file, encoding = encoding, quiet = quiet, envir = globalenv(), ...)
    31: vweave(...)
    32: engine$weave(file, quiet = quiet, encoding = enc)
    33: doTryCatch(return(expr), name, parentenv, handler)
    34: tryCatchOne(expr, names, parentenv, handlers[[1L]])
    35: tryCatchList(expr, classes, parentenv, handlers)
    36: tryCatch({ engine$weave(file, quiet = quiet, encoding = enc) setwd(startdir) output <- find_vignette_product(name, by = "weave", engine = engine) if (!have.makefile && vignette_is_tex(output)) { texi2pdf(file = output, clean = FALSE, quiet = quiet) output <- find_vignette_product(name, by = "texi2pdf", engine = engine) } outputs <- c(outputs, output)}, error = function(e) { thisOK <<- FALSE fails <<- c(fails, file) message(gettextf("Error: processing vignette '%s' failed with diagnostics:\n%s", file, conditionMessage(e)))})
    37: tools:::buildVignettes(dir = "/home/ripley/R/packages/tests32/prt.Rcheck/vign_test/prt", ser_elibs = "/tmp/Rtmp7XaiWv/file2b815e2b4f8b.rds")
    An irrecoverable exception occurred. R is aborting now ...
Flavor: r-patched-solaris-x86