Last updated on 2021-01-18 07:48:34 CET.
Flavor | Version | Tinstall | Tcheck | Ttotal | Status | Flags |
---|---|---|---|---|---|---|
r-devel-linux-x86_64-debian-clang | 0.3.7 | 3.46 | 28.80 | 32.26 | OK | |
r-devel-linux-x86_64-debian-gcc | 0.3.7 | 2.66 | 23.64 | 26.30 | OK | |
r-devel-linux-x86_64-fedora-clang | 0.3.7 | 48.49 | OK | |||
r-devel-linux-x86_64-fedora-gcc | 0.3.7 | 38.67 | OK | |||
r-devel-windows-ix86+x86_64 | 0.3.7 | 10.00 | 49.00 | 59.00 | OK | |
r-patched-linux-x86_64 | 0.3.7 | 3.44 | 28.03 | 31.47 | OK | |
r-patched-solaris-x86 | 0.3.7 | 61.10 | OK | |||
r-release-linux-x86_64 | 0.3.7 | 3.15 | 29.27 | 32.42 | OK | |
r-release-macos-x86_64 | 0.3.7 | OK | ||||
r-release-windows-ix86+x86_64 | 0.3.7 | 13.00 | 47.00 | 60.00 | OK | |
r-oldrel-macos-x86_64 | 0.3.7 | WARN | ||||
r-oldrel-windows-ix86+x86_64 | 0.3.7 | 10.00 | 43.00 | 53.00 | WARN |
Version: 0.3.7
Check: whether package can be installed
Result: WARN
Found the following significant warnings:
Note: possible error in 'Rprof(prof_output, interval = interval, ': unused argument (filter.callframes = simplify)
See ‘/Volumes/SSD-Data/Builds/R-dev-web/QA/Simon/packages/el-capitan-x86_64/results/3.6/profvis.Rcheck/00install.out’ for details.
Information on the location(s) of code generating the ‘Note’s can be
obtained by re-running with environment variable R_KEEP_PKG_SOURCE set
to ‘yes’.
Flavor: r-oldrel-macos-x86_64
Version: 0.3.7
Check: R code for possible problems
Result: NOTE
profvis: possible error in Rprof(prof_output, interval = interval,
line.profiling = TRUE, gc.profiling = TRUE, memory.profiling = TRUE,
filter.callframes = simplify): unused argument (filter.callframes =
simplify)
Flavors: r-oldrel-macos-x86_64, r-oldrel-windows-ix86+x86_64
Version: 0.3.7
Check: whether package can be installed
Result: WARN
Found the following significant warnings:
Note: possible error in 'Rprof(prof_output, interval = interval, ': unused argument (filter.callframes = simplify)
See 'd:/Rcompile/CRANpkg/local/3.6/profvis.Rcheck/00install.out' for details.
Information on the location(s) of code generating the 'Note's can be
obtained by re-running with environment variable R_KEEP_PKG_SOURCE set
to 'yes'.
Flavor: r-oldrel-windows-ix86+x86_64