CRAN Package Check Results for Package plotdap

Last updated on 2021-04-22 07:48:15 CEST.

Flavor Version Tinstall Tcheck Ttotal Status Flags
r-devel-linux-x86_64-debian-clang 0.0.9 15.60 143.68 159.28 OK
r-devel-linux-x86_64-debian-gcc 0.0.9 12.95 108.21 121.16 OK
r-devel-linux-x86_64-fedora-clang 0.0.9 210.34 OK
r-devel-linux-x86_64-fedora-gcc 0.0.9 186.87 OK
r-devel-windows-ix86+x86_64 0.0.9 35.00 157.00 192.00 OK --no-vignettes
r-devel-windows-x86_64-gcc10-UCRT 0.0.9 OK
r-patched-linux-x86_64 0.0.9 23.07 134.94 158.01 OK
r-patched-solaris-x86 0.0.9 301.50 OK
r-release-linux-x86_64 0.0.9 14.48 134.93 149.41 OK
r-release-macos-x86_64 0.0.9 OK
r-release-windows-ix86+x86_64 0.0.9 35.00 165.00 200.00 OK --no-vignettes
r-oldrel-macos-x86_64 0.0.9 ERROR
r-oldrel-windows-ix86+x86_64 0.0.7 29.00 98.00 127.00 OK --no-vignettes

Check Details

Version: 0.0.9
Check: whether package can be installed
Result: ERROR
    Installation failed.
Flavor: r-oldrel-macos-x86_64