CRAN Package Check Results for Package pipeliner

Last updated on 2021-04-16 07:48:09 CEST.

Flavor Version Tinstall Tcheck Ttotal Status Flags
r-devel-linux-x86_64-debian-clang 0.1.1 2.21 30.42 32.63 NOTE
r-devel-linux-x86_64-debian-gcc 0.1.1 1.75 23.70 25.45 NOTE
r-devel-linux-x86_64-fedora-clang 0.1.1 51.21 NOTE
r-devel-linux-x86_64-fedora-gcc 0.1.1 40.67 NOTE
r-devel-windows-ix86+x86_64 0.1.1 5.00 41.00 46.00 NOTE
r-devel-windows-x86_64-gcc10-UCRT 0.1.1 NOTE
r-patched-linux-x86_64 0.1.1 1.85 29.60 31.45 OK
r-patched-solaris-x86 0.1.1 59.20 OK
r-release-linux-x86_64 0.1.1 2.14 29.26 31.40 OK
r-release-macos-x86_64 0.1.1 OK
r-release-windows-ix86+x86_64 0.1.1 4.00 52.00 56.00 OK
r-oldrel-macos-x86_64 0.1.1 OK
r-oldrel-windows-ix86+x86_64 0.1.1 3.00 45.00 48.00 OK

Check Details

Version: 0.1.1
Check: LazyData
Result: NOTE
     'LazyData' is specified without a 'data' directory
Flavors: r-devel-linux-x86_64-debian-clang, r-devel-linux-x86_64-debian-gcc, r-devel-linux-x86_64-fedora-clang, r-devel-linux-x86_64-fedora-gcc, r-devel-windows-ix86+x86_64, r-devel-windows-x86_64-gcc10-UCRT