CRAN Package Check Results for Package piecepackr

Last updated on 2021-04-23 07:47:58 CEST.

Flavor Version Tinstall Tcheck Ttotal Status Flags
r-devel-linux-x86_64-debian-clang 1.7.1 18.86 165.76 184.62 ERROR
r-devel-linux-x86_64-debian-gcc 1.7.1 15.61 119.60 135.21 ERROR
r-devel-linux-x86_64-fedora-clang 1.7.1 120.81 ERROR
r-devel-linux-x86_64-fedora-gcc 1.7.1 216.95 ERROR
r-devel-windows-ix86+x86_64 1.7.1 33.00 181.00 214.00 ERROR
r-devel-windows-x86_64-gcc10-UCRT 1.7.1 NOTE
r-patched-linux-x86_64 1.7.1 18.46 155.02 173.48 ERROR
r-patched-solaris-x86 1.7.1 247.50 ERROR
r-release-linux-x86_64 1.7.1 18.45 159.89 178.34 ERROR
r-release-macos-x86_64 1.7.1 OK
r-release-windows-ix86+x86_64 1.7.1 32.00 174.00 206.00 ERROR
r-oldrel-macos-x86_64 1.7.1 OK
r-oldrel-windows-ix86+x86_64 1.7.1 45.00 194.00 239.00 ERROR

Check Details

Version: 1.7.1
Check: examples
Result: ERROR
    Running examples in 'piecepackr-Ex.R' failed
    The error most likely occurred in:
    
    > base::assign(".ptime", proc.time(), pos = "CheckExEnv")
    > ### Name: piece3d
    > ### Title: Draw board game pieces using rgl
    > ### Aliases: piece3d
    >
    > ### ** Examples
    >
    > if ((Sys.getenv("TRAVIS") == "") && require("rgl")) {
    + open3d()
    + cfg <- game_systems("sans3d")$piecepack
    + piece3d("tile_back", suit = 3, rank = 3, cfg = cfg, x = 0, y = 0, z = 0)
    + piece3d("coin_back", suit = 4, rank = 2, cfg = cfg, x = 0.5, y = 0.5, z = 0.25)
    + piece3d("pawn_top", suit = 1, cfg = cfg, x = -0.5, y = 0.5, z = 0.6)
    + piece3d("die_face", suit = 3, cfg = cfg, x = -0.5, y = -0.5, z = 0.375)
    + piece3d("pyramid_top", suit = 2, rank = 3, cfg = cfg, x = 1.5, y = 0.0, z = 0.)
    + }
    Loading required package: rgl
    Warning in max(inds) : no non-missing arguments to max; returning -Inf
    Error in rep_len(vals, max(inds)) : invalid 'length.out' value
    Calls: piece3d ... <Anonymous> -> shade3d.mesh3d -> getArgs -> cbind -> repfn
    Execution halted
Flavors: r-devel-linux-x86_64-debian-clang, r-devel-linux-x86_64-debian-gcc, r-patched-linux-x86_64, r-release-linux-x86_64

Version: 1.7.1
Check: examples
Result: ERROR
    Running examples in ‘piecepackr-Ex.R’ failed
    The error most likely occurred in:
    
    > ### Name: piece3d
    > ### Title: Draw board game pieces using rgl
    > ### Aliases: piece3d
    >
    > ### ** Examples
    >
    > if ((Sys.getenv("TRAVIS") == "") && require("rgl")) {
    + open3d()
    + cfg <- game_systems("sans3d")$piecepack
    + piece3d("tile_back", suit = 3, rank = 3, cfg = cfg, x = 0, y = 0, z = 0)
    + piece3d("coin_back", suit = 4, rank = 2, cfg = cfg, x = 0.5, y = 0.5, z = 0.25)
    + piece3d("pawn_top", suit = 1, cfg = cfg, x = -0.5, y = 0.5, z = 0.6)
    + piece3d("die_face", suit = 3, cfg = cfg, x = -0.5, y = -0.5, z = 0.375)
    + piece3d("pyramid_top", suit = 2, rank = 3, cfg = cfg, x = 1.5, y = 0.0, z = 0.)
    + }
    Loading required package: rgl
    Warning in max(inds) : no non-missing arguments to max; returning -Inf
    Error in rep_len(vals, max(inds)) : invalid 'length.out' value
    Calls: piece3d ... <Anonymous> -> shade3d.mesh3d -> getArgs -> cbind -> repfn
    Execution halted
Flavors: r-devel-linux-x86_64-fedora-clang, r-devel-linux-x86_64-fedora-gcc, r-devel-windows-ix86+x86_64, r-patched-solaris-x86, r-release-windows-ix86+x86_64, r-oldrel-windows-ix86+x86_64

Version: 1.7.1
Check: package dependencies
Result: NOTE
    Package suggested but not available for checking: 'rgl'
Flavor: r-devel-windows-x86_64-gcc10-UCRT

Version: 1.7.1
Check: Rd cross-references
Result: NOTE
    Package unavailable to check Rd xrefs: 'rgl'
Flavor: r-devel-windows-x86_64-gcc10-UCRT