Last updated on 2021-01-15 07:50:54 CET.
Flavor | Version | Tinstall | Tcheck | Ttotal | Status | Flags |
---|---|---|---|---|---|---|
r-devel-linux-x86_64-debian-clang | 0.14.9 | 9.33 | 72.08 | 81.41 | OK | --no-examples --no-tests --no-vignettes |
r-devel-linux-x86_64-debian-gcc | 0.14.9 | 7.62 | 55.42 | 63.04 | OK | --no-examples --no-tests --no-vignettes |
r-patched-linux-x86_64 | 0.14.9 | 7.27 | 67.22 | 74.49 | OK | --no-examples --no-tests --no-vignettes |
r-release-linux-x86_64 | 0.14.9 | 8.59 | 66.58 | 75.17 | OK | --no-examples --no-tests --no-vignettes |
r-release-macos-x86_64 | 0.14.9 | ERROR | ||||
r-oldrel-macos-x86_64 | 0.14.9 | ERROR |
Version: 0.14.9
Check: whether package can be installed
Result: ERROR
Installation failed.
Flavors: r-release-macos-x86_64, r-oldrel-macos-x86_64