Last updated on 2021-01-16 07:49:26 CET.
Flavor | Version | Tinstall | Tcheck | Ttotal | Status | Flags |
---|---|---|---|---|---|---|
r-devel-linux-x86_64-debian-clang | 0.3-0 | 137.62 | 56.69 | 194.31 | OK | |
r-devel-linux-x86_64-debian-gcc | 0.3-0 | 108.19 | 44.33 | 152.52 | OK | |
r-devel-linux-x86_64-fedora-clang | 0.3-0 | 266.15 | NOTE | |||
r-devel-linux-x86_64-fedora-gcc | 0.3-0 | 261.08 | OK | |||
r-devel-windows-ix86+x86_64 | 0.3-0 | 403.00 | 81.00 | 484.00 | NOTE | |
r-patched-linux-x86_64 | 0.3-0 | 122.06 | 52.03 | 174.09 | OK | |
r-patched-solaris-x86 | 0.3-0 | 287.20 | NOTE | |||
r-release-linux-x86_64 | 0.3-0 | 125.85 | 52.48 | 178.33 | OK | |
r-release-macos-x86_64 | 0.3-0 | ERROR | ||||
r-release-windows-ix86+x86_64 | 0.3-0 | 404.00 | 75.00 | 479.00 | NOTE | |
r-oldrel-macos-x86_64 | 0.3-0 | ERROR | ||||
r-oldrel-windows-ix86+x86_64 | 0.3-0 | 446.00 | 83.00 | 529.00 | NOTE |
Version: 0.3-0
Check: installed package size
Result: NOTE
installed size is 10.5Mb
sub-directories of 1Mb or more:
lib 10.1Mb
Flavors: r-devel-linux-x86_64-fedora-clang, r-devel-windows-ix86+x86_64, r-patched-solaris-x86, r-release-windows-ix86+x86_64, r-oldrel-windows-ix86+x86_64
Version: 0.3-0
Check: package dependencies
Result: ERROR
Package required but not available: ‘pbdMPI’
See section ‘The DESCRIPTION file’ in the ‘Writing R Extensions’
manual.
Flavors: r-release-macos-x86_64, r-oldrel-macos-x86_64