Last updated on 2021-01-16 07:49:26 CET.
Flavor | Version | Tinstall | Tcheck | Ttotal | Status | Flags |
---|---|---|---|---|---|---|
r-devel-linux-x86_64-debian-clang | 0.4-0 | 8.50 | 41.97 | 50.47 | OK | |
r-devel-linux-x86_64-debian-gcc | 0.4-0 | 6.12 | 32.40 | 38.52 | OK | |
r-devel-linux-x86_64-fedora-clang | 0.4-0 | 70.25 | OK | |||
r-devel-linux-x86_64-fedora-gcc | 0.4-0 | 60.73 | OK | |||
r-devel-windows-ix86+x86_64 | 0.4-0 | 12.00 | 58.00 | 70.00 | OK | |
r-patched-linux-x86_64 | 0.4-0 | 7.22 | 38.89 | 46.11 | OK | |
r-patched-solaris-x86 | 0.4-0 | 80.40 | OK | |||
r-release-linux-x86_64 | 0.4-0 | 7.38 | 39.06 | 46.44 | OK | |
r-release-macos-x86_64 | 0.4-0 | ERROR | ||||
r-release-windows-ix86+x86_64 | 0.4-0 | 11.00 | 54.00 | 65.00 | OK | |
r-oldrel-macos-x86_64 | 0.4-0 | ERROR | ||||
r-oldrel-windows-ix86+x86_64 | 0.4-0 | 10.00 | 60.00 | 70.00 | OK |
Version: 0.4-0
Check: whether package can be installed
Result: ERROR
Installation failed.
Flavors: r-release-macos-x86_64, r-oldrel-macos-x86_64