Last updated on 2021-01-25 08:48:50 CET.
Flavor | Version | Tinstall | Tcheck | Ttotal | Status | Flags |
---|---|---|---|---|---|---|
r-devel-linux-x86_64-debian-clang | 0.4-3 | 17.45 | 87.26 | 104.71 | OK | |
r-devel-linux-x86_64-debian-gcc | 0.4-3 | 13.83 | 65.79 | 79.62 | OK | |
r-devel-linux-x86_64-fedora-clang | 0.4-3 | 128.82 | OK | |||
r-devel-linux-x86_64-fedora-gcc | 0.4-3 | 121.08 | OK | |||
r-devel-windows-ix86+x86_64 | 0.4-3 | 64.00 | 95.00 | 159.00 | OK | |
r-patched-linux-x86_64 | 0.4-3 | 14.30 | 79.30 | 93.60 | OK | |
r-patched-solaris-x86 | 0.4-3 | 201.90 | OK | |||
r-release-linux-x86_64 | 0.4-3 | 15.85 | 79.98 | 95.83 | OK | |
r-release-macos-x86_64 | 0.4-3 | ERROR | ||||
r-release-windows-ix86+x86_64 | 0.4-3 | 47.00 | 90.00 | 137.00 | OK | |
r-oldrel-macos-x86_64 | 0.4-3 | ERROR | ||||
r-oldrel-windows-ix86+x86_64 | 0.4-3 | 67.00 | 93.00 | 160.00 | OK |
Version: 0.4-3
Check: package dependencies
Result: NOTE
Package which this enhances but not available for checking: ‘pbdPROF’
Flavors: r-release-macos-x86_64, r-oldrel-macos-x86_64
Version: 0.4-3
Check: whether package can be installed
Result: ERROR
Installation failed.
Flavors: r-release-macos-x86_64, r-oldrel-macos-x86_64