Last updated on 2021-01-16 07:49:26 CET.
Flavor | Version | Tinstall | Tcheck | Ttotal | Status | Flags |
---|---|---|---|---|---|---|
r-devel-linux-x86_64-debian-clang | 0.5-3 | 17.68 | 64.96 | 82.64 | OK | |
r-devel-linux-x86_64-debian-gcc | 0.5-3 | 12.64 | 50.05 | 62.69 | OK | |
r-devel-linux-x86_64-fedora-clang | 0.5-3 | 104.90 | OK | |||
r-devel-linux-x86_64-fedora-gcc | 0.5-3 | 95.06 | OK | |||
r-devel-windows-ix86+x86_64 | 0.5-3 | 121.00 | 85.00 | 206.00 | OK | |
r-patched-linux-x86_64 | 0.5-3 | 15.43 | 59.38 | 74.81 | OK | |
r-patched-solaris-x86 | 0.5-3 | 168.20 | OK | |||
r-release-linux-x86_64 | 0.5-3 | 15.49 | 60.26 | 75.75 | OK | |
r-release-macos-x86_64 | 0.5-3 | ERROR | ||||
r-release-windows-ix86+x86_64 | 0.5-3 | 122.00 | 76.00 | 198.00 | OK | |
r-oldrel-macos-x86_64 | 0.5-3 | ERROR | ||||
r-oldrel-windows-ix86+x86_64 | 0.5-3 | 132.00 | 86.00 | 218.00 | OK |
Version: 0.5-3
Check: package dependencies
Result: ERROR
Packages required but not available: 'pbdMPI', 'pbdSLAP'
See section ‘The DESCRIPTION file’ in the ‘Writing R Extensions’
manual.
Flavors: r-release-macos-x86_64, r-oldrel-macos-x86_64