CRAN Package Check Results for Package pbapply

Last updated on 2021-01-16 07:49:26 CET.

Flavor Version Tinstall Tcheck Ttotal Status Flags
r-devel-linux-x86_64-debian-clang 1.4-3 1.74 43.21 44.95 OK
r-devel-linux-x86_64-debian-gcc 1.4-3 2.02 32.36 34.38 OK
r-devel-linux-x86_64-fedora-clang 1.4-3 62.72 OK
r-devel-linux-x86_64-fedora-gcc 1.4-3 53.50 OK
r-devel-windows-ix86+x86_64 1.4-3 9.00 73.00 82.00 OK
r-patched-linux-x86_64 1.4-3 1.67 40.68 42.35 OK
r-patched-solaris-x86 1.4-3 90.10 OK
r-release-linux-x86_64 1.4-3 2.56 40.36 42.92 OK
r-release-macos-x86_64 1.4-3 OK
r-release-windows-ix86+x86_64 1.4-3 11.00 70.00 81.00 OK
r-oldrel-macos-x86_64 1.4-3 NOTE
r-oldrel-windows-ix86+x86_64 1.4-3 4.00 68.00 72.00 OK

Check Details

Version: 1.4-3
Check: dependencies in R code
Result: NOTE
    No protocol specified
    No protocol specified
Flavor: r-oldrel-macos-x86_64