CRAN Package Check Results for Package partDSA

Last updated on 2021-01-16 07:49:26 CET.

Flavor Version Tinstall Tcheck Ttotal Status Flags
r-devel-linux-x86_64-debian-clang 0.9.14 11.49 245.58 257.07 OK
r-devel-linux-x86_64-debian-gcc 0.9.14 9.44 181.00 190.44 OK
r-devel-linux-x86_64-fedora-clang 0.9.14 311.13 OK
r-devel-linux-x86_64-fedora-gcc 0.9.14 301.71 OK
r-devel-windows-ix86+x86_64 0.9.14 16.00 239.00 255.00 OK
r-patched-linux-x86_64 0.9.14 11.43 223.49 234.92 OK
r-patched-solaris-x86 0.9.14 400.30 OK
r-release-linux-x86_64 0.9.14 10.89 225.44 236.33 WARN
r-release-macos-x86_64 0.9.14 OK
r-release-windows-ix86+x86_64 0.9.14 18.00 261.00 279.00 OK
r-oldrel-macos-x86_64 0.9.14 OK
r-oldrel-windows-ix86+x86_64 0.9.14 19.00 209.00 228.00 OK

Check Details

Version: 0.9.14
Check: re-building of vignette outputs
Result: WARN
    Error(s) in re-building vignettes:
     ...
    --- re-building ‘partDSAvig.Rnw’ using Sweave
    Loading required package: survival
    Error: processing vignette 'partDSAvig.Rnw' failed with diagnostics:
    Running ‘texi2dvi’ on ‘partDSAvig.tex’ failed.
    LaTeX errors:
    ! Undefined control sequence.
    <recently read> \Hy@colorlink
    
    l.52 \begin{document}
    
    ! Undefined control sequence.
    \close@pdflink ->\Hy@endcolorlink
     \Hy@VerboseLinkStop \pdfendlink
    l.52 \begin{document}
    
    ! Undefined control sequence.
    <recently read> \Hy@colorlink
    
    l.52 \begin{document}
    
    ! Undefined control sequence.
    \close@pdflink ->\Hy@endcolorlink
     \Hy@VerboseLinkStop \pdfendlink
    l.52 \begin{document}
    
    ! Undefined control sequence.
    <recently read> \Hy@colorlink
    
    l.52 \begin{document}
    
    ! Undefined control sequence.
    \close@pdflink ->\Hy@endcolorlink
     \Hy@VerboseLinkStop \pdfendlink
    l.52 \begin{document}
    
    ! Undefined control sequence.
    <recently read> \Hy@colorlink
    
    l.52 \begin{document}
    
    ! Undefined control sequence.
    \close@pdflink ->\Hy@endcolorlink
     \Hy@VerboseLinkStop \pdfendlink
    l.52 \begin{document}
    
    --- failed re-building ‘partDSAvig.Rnw’
    
    --- re-building ‘survival.Rnw’ using Sweave
    Loading required package: stats4
    Loading required package: splines
    Warning in data(GBSG2) : data set ‘GBSG2’ not found
    Error: processing vignette 'survival.Rnw' failed with diagnostics:
    Running ‘texi2dvi’ on ‘survival.tex’ failed.
    LaTeX errors:
    ! Undefined control sequence.
    <recently read> \Hy@colorlink
    
    l.54 \begin{document}
     \thanks{Copyright \copyright 2011.}
    ! Undefined control sequence.
    \close@pdflink ->\Hy@endcolorlink
     \Hy@VerboseLinkStop \pdfendlink
    l.54 \begin{document}
     \thanks{Copyright \copyright 2011.}
    ! Undefined control sequence.
    <recently read> \Hy@colorlink
    
    l.54 \begin{document}
     \thanks{Copyright \copyright 2011.}
    ! Undefined control sequence.
    \close@pdflink ->\Hy@endcolorlink
     \Hy@VerboseLinkStop \pdfendlink
    l.54 \begin{document}
     \thanks{Copyright \copyright 2011.}
    ! Undefined control sequence.
    <recently read> \Hy@colorlink
    
    l.54 \begin{document}
     \thanks{Copyright \copyright 2011.}
    ! Undefined control sequence.
    \close@pdflink ->\Hy@endcolorlink
     \Hy@VerboseLinkStop \pdfendlink
    l.54 \begin{document}
     \thanks{Copyright \copyright 2011.}
    ! Undefined control sequence.
    <recently read> \Hy@colorlink
    
    l.54 \begin{document}
     \thanks{Copyright \copyright 2011.}
    ! Undefined control sequence.
    \close@pdflink ->\Hy@endcolorlink
     \Hy@VerboseLinkStop \pdfendlink
    l.54 \begin{document}
     \thanks{Copyright \copyright 2011.}
    ! Undefined control sequence.
    <recently read> \Hy@colorlink
    
    l.54 \begin{document}
     \thanks{Copyright \copyright 2011.}
    ! Undefined control sequence.
    \close@pdflink ->\Hy@endcolorlink
     \Hy@VerboseLinkStop \pdfendlink
    l.54 \begin{document}
     \thanks{Copyright \copyright 2011.}
    ! Undefined control sequence.
    <recently read> \Hy@colorlink
    
    l.54 \begin{document}
     \thanks{Copyright \copyright 2011.}
    ! Undefined control sequence.
    \close@pdflink ->\Hy@endcolorlink
     \Hy@VerboseLinkStop \pdfendlink
    l.54 \begin{document}
     \thanks{Copyright \copyright 2011.}
    --- failed re-building ‘survival.Rnw’
    
    SUMMARY: processing the following files failed:
     ‘partDSAvig.Rnw’ ‘survival.Rnw’
    
    Error: Vignette re-building failed.
    Execution halted
Flavor: r-release-linux-x86_64