Last updated on 2021-02-25 07:49:52 CET.
Flavor | Version | Tinstall | Tcheck | Ttotal | Status | Flags |
---|---|---|---|---|---|---|
r-devel-linux-x86_64-debian-clang | 0.1.5 | 13.20 | 164.92 | 178.12 | NOTE | |
r-devel-linux-x86_64-debian-gcc | 0.1.5 | 9.81 | 130.45 | 140.26 | NOTE | |
r-devel-linux-x86_64-fedora-clang | 0.1.5 | 221.30 | NOTE | |||
r-devel-linux-x86_64-fedora-gcc | 0.1.5 | 214.09 | NOTE | |||
r-devel-windows-ix86+x86_64 | 0.1.5 | 16.00 | 148.00 | 164.00 | OK | |
r-patched-linux-x86_64 | 0.1.5 | 11.87 | 155.46 | 167.33 | NOTE | |
r-patched-solaris-x86 | 0.1.5 | 299.70 | NOTE | |||
r-release-linux-x86_64 | 0.1.5 | 11.28 | 156.05 | 167.33 | NOTE | |
r-release-macos-x86_64 | 0.1.5 | OK | ||||
r-release-windows-ix86+x86_64 | 0.1.5 | 24.00 | 215.00 | 239.00 | OK | |
r-oldrel-macos-x86_64 | 0.1.5 | OK | ||||
r-oldrel-windows-ix86+x86_64 | 0.1.5 | 14.00 | 209.00 | 223.00 | OK |
Version: 0.1.5
Check: package dependencies
Result: NOTE
Package suggested but not available for checking: 'liquidSVM'
Flavors: r-devel-linux-x86_64-debian-clang, r-devel-linux-x86_64-debian-gcc, r-devel-linux-x86_64-fedora-clang, r-devel-linux-x86_64-fedora-gcc, r-patched-linux-x86_64, r-patched-solaris-x86, r-release-linux-x86_64