CRAN Package Check Results for Package parSim

Last updated on 2021-01-16 07:49:26 CET.

Flavor Version Tinstall Tcheck Ttotal Status Flags
r-devel-linux-x86_64-debian-clang 0.1.4 3.57 37.91 41.48 OK
r-devel-linux-x86_64-debian-gcc 0.1.4 2.86 31.95 34.81 OK
r-devel-linux-x86_64-fedora-clang 0.1.4 58.62 NOTE
r-devel-linux-x86_64-fedora-gcc 0.1.4 47.79 NOTE
r-devel-windows-ix86+x86_64 0.1.4 8.00 46.00 54.00 OK
r-patched-linux-x86_64 0.1.4 3.63 36.17 39.80 OK
r-patched-solaris-x86 0.1.4 68.90 NOTE
r-release-linux-x86_64 0.1.4 3.45 40.41 43.86 OK
r-release-macos-x86_64 0.1.4 NOTE
r-release-windows-ix86+x86_64 0.1.4 8.00 42.00 50.00 OK
r-oldrel-macos-x86_64 0.1.4 NOTE
r-oldrel-windows-ix86+x86_64 0.1.4 6.00 37.00 43.00 OK

Check Details

Version: 0.1.4
Check: dependencies in R code
Result: NOTE
    Namespace in Imports field not imported from: ‘parallel’
     All declared Imports should be used.
Flavors: r-devel-linux-x86_64-fedora-clang, r-devel-linux-x86_64-fedora-gcc, r-patched-solaris-x86, r-release-macos-x86_64, r-oldrel-macos-x86_64