Last updated on 2021-01-25 08:48:49 CET.
Flavor | Version | Tinstall | Tcheck | Ttotal | Status | Flags |
---|---|---|---|---|---|---|
r-devel-linux-x86_64-debian-clang | 4.10 | 4.50 | 41.05 | 45.55 | OK | |
r-devel-linux-x86_64-debian-gcc | 4.10 | 3.31 | 31.87 | 35.18 | OK | |
r-devel-linux-x86_64-fedora-clang | 4.10 | 63.98 | NOTE | |||
r-devel-linux-x86_64-fedora-gcc | 4.10 | 54.27 | NOTE | |||
r-devel-windows-ix86+x86_64 | 4.10 | 9.00 | 50.00 | 59.00 | OK | |
r-patched-linux-x86_64 | 4.10 | 4.61 | 39.37 | 43.98 | OK | |
r-patched-solaris-x86 | 4.10 | 77.10 | NOTE | |||
r-release-linux-x86_64 | 4.10 | 3.95 | 39.61 | 43.56 | OK | |
r-release-macos-x86_64 | 4.10 | NOTE | ||||
r-release-windows-ix86+x86_64 | 4.10 | 10.00 | 46.00 | 56.00 | OK | |
r-oldrel-macos-x86_64 | 4.10 | NOTE | ||||
r-oldrel-windows-ix86+x86_64 | 4.10 | 6.00 | 47.00 | 53.00 | OK |
Version: 4.10
Check: dependencies in R code
Result: NOTE
Namespaces in Imports field not imported from:
‘knitr’ ‘rmarkdown’
All declared Imports should be used.
Flavors: r-devel-linux-x86_64-fedora-clang, r-devel-linux-x86_64-fedora-gcc, r-patched-solaris-x86, r-release-macos-x86_64, r-oldrel-macos-x86_64
Version: 4.10
Check: Rd cross-references
Result: NOTE
Undeclared package ‘orloca.es’ in Rd xrefs
Flavor: r-devel-linux-x86_64-fedora-clang