CRAN Package Check Results for Package ordPens

Last updated on 2021-04-16 07:48:08 CEST.

Flavor Version Tinstall Tcheck Ttotal Status Flags
r-devel-linux-x86_64-debian-clang 0.3-1 10.60 91.64 102.24 NOTE
r-devel-linux-x86_64-debian-gcc 0.3-1 9.29 70.31 79.60 NOTE
r-devel-linux-x86_64-fedora-clang 0.3-1 142.33 NOTE
r-devel-linux-x86_64-fedora-gcc 0.3-1 131.84 NOTE
r-devel-windows-ix86+x86_64 0.3-1 23.00 90.00 113.00 NOTE
r-devel-windows-x86_64-gcc10-UCRT 0.3-1 NOTE
r-patched-linux-x86_64 0.3-1 9.74 85.69 95.43 NOTE
r-patched-solaris-x86 0.3-1 183.90 NOTE
r-release-linux-x86_64 0.3-1 11.46 86.45 97.91 NOTE
r-release-macos-x86_64 0.3-1 NOTE
r-release-windows-ix86+x86_64 0.3-1 29.00 115.00 144.00 NOTE
r-oldrel-macos-x86_64 0.3-1 FAIL
r-oldrel-windows-ix86+x86_64 0.3-1 15.00 106.00 121.00 NOTE

Check Details

Version: 0.3-1
Check: package dependencies
Result: NOTE
    Package suggested but not available for checking: 'IsoGene'
Flavors: r-devel-linux-x86_64-debian-clang, r-devel-linux-x86_64-debian-gcc, r-devel-linux-x86_64-fedora-clang, r-devel-linux-x86_64-fedora-gcc, r-devel-windows-x86_64-gcc10-UCRT, r-release-macos-x86_64

Version: 0.3-1
Check: R code for possible problems
Result: NOTE
    genRidge: no visible global function definition for 'plogis'
    ordGene: no visible global function definition for 'anova'
    ordGene: no visible global function definition for 'lm'
    ordSelect: no visible binding for global variable 'sd'
    ordSmooth: no visible binding for global variable 'sd'
    plot.ordPen: no visible global function definition for 'grey'
    plot.ordPen: no visible global function definition for 'devAskNewPage'
    plot.ordPen: no visible global function definition for 'lines'
    predict.ordPen: no visible global function definition for 'plogis'
    Undefined global functions or variables:
     anova devAskNewPage grey lines lm plogis sd
    Consider adding
     importFrom("grDevices", "devAskNewPage", "grey")
     importFrom("graphics", "lines")
     importFrom("stats", "anova", "lm", "plogis", "sd")
    to your NAMESPACE file.
Flavors: r-devel-linux-x86_64-debian-clang, r-devel-linux-x86_64-debian-gcc, r-devel-linux-x86_64-fedora-clang, r-devel-linux-x86_64-fedora-gcc, r-devel-windows-ix86+x86_64, r-devel-windows-x86_64-gcc10-UCRT, r-patched-linux-x86_64, r-patched-solaris-x86, r-release-linux-x86_64, r-release-macos-x86_64, r-release-windows-ix86+x86_64

Version: 0.3-1
Check: package dependencies
Result: NOTE
    Packages suggested but not available for checking: 'IsoGene', 'Biobase'
Flavor: r-oldrel-macos-x86_64

Version: 0.3-1
Check: whether package can be installed
Result: FAIL
Flavor: r-oldrel-macos-x86_64

Version: 0.3-1
Check: R code for possible problems
Result: NOTE
    genRidge: no visible global function definition for 'plogis'
    ordGene: no visible global function definition for 'anova'
    ordGene: no visible global function definition for 'lm'
    ordSelect: no visible binding for global variable 'sd'
    ordSmooth: no visible binding for global variable 'sd'
    plot.ordPen: no visible global function definition for 'grey'
    plot.ordPen: no visible global function definition for 'devAskNewPage'
    plot.ordPen: no visible global function definition for 'plot'
    plot.ordPen: no visible global function definition for 'lines'
    predict.ordPen: no visible global function definition for 'plogis'
    Undefined global functions or variables:
     anova devAskNewPage grey lines lm plogis plot sd
    Consider adding
     importFrom("grDevices", "devAskNewPage", "grey")
     importFrom("graphics", "lines", "plot")
     importFrom("stats", "anova", "lm", "plogis", "sd")
    to your NAMESPACE file.
Flavor: r-oldrel-windows-ix86+x86_64