CRAN Package Check Results for Package oem

Last updated on 2021-03-03 08:48:41 CET.

Flavor Version Tinstall Tcheck Ttotal Status Flags
r-devel-linux-x86_64-debian-clang 2.0.10 OK
r-devel-linux-x86_64-debian-gcc 2.0.10 309.07 160.98 470.05 OK
r-devel-linux-x86_64-fedora-clang 2.0.10 820.28 NOTE
r-devel-linux-x86_64-fedora-gcc 2.0.10 801.59 OK
r-devel-windows-ix86+x86_64 2.0.10 784.00 303.00 1087.00 OK
r-patched-linux-x86_64 2.0.10 344.32 203.95 548.27 OK
r-patched-solaris-x86 2.0.10 1035.10 OK
r-release-linux-x86_64 2.0.10 337.10 201.13 538.23 OK
r-release-macos-x86_64 2.0.10 NOTE
r-release-windows-ix86+x86_64 2.0.10 581.00 285.00 866.00 OK
r-oldrel-macos-x86_64 2.0.10 NOTE
r-oldrel-windows-ix86+x86_64 2.0.10 683.00 286.00 969.00 OK

Check Details

Version: 2.0.10
Check: installed package size
Result: NOTE
     installed size is 91.9Mb
     sub-directories of 1Mb or more:
     libs 91.4Mb
Flavors: r-devel-linux-x86_64-fedora-clang, r-release-macos-x86_64, r-oldrel-macos-x86_64