CRAN Package Check Results for Package oceanmap

Last updated on 2021-04-16 07:48:08 CEST.

Flavor Version Tinstall Tcheck Ttotal Status Flags
r-devel-linux-x86_64-debian-clang 0.1.1 18.33 166.81 185.14 OK
r-devel-linux-x86_64-debian-gcc 0.1.1 13.68 128.71 142.39 OK
r-devel-linux-x86_64-fedora-clang 0.1.1 230.31 NOTE
r-devel-linux-x86_64-fedora-gcc 0.1.1 229.94 OK
r-devel-windows-ix86+x86_64 0.1.1 48.00 203.00 251.00 NOTE
r-devel-windows-x86_64-gcc10-UCRT 0.1.1 OK
r-patched-linux-x86_64 0.1.1 17.68 150.30 167.98 OK
r-patched-solaris-x86 0.1.1 301.00 NOTE
r-release-linux-x86_64 0.1.1 16.16 150.70 166.86 OK
r-release-macos-x86_64 0.1.1 NOTE
r-release-windows-ix86+x86_64 0.1.1 40.00 241.00 281.00 NOTE
r-oldrel-macos-x86_64 0.1.1 NOTE
r-oldrel-windows-ix86+x86_64 0.1.1 23.00 219.00 242.00 NOTE

Check Details

Version: 0.1.1
Check: installed package size
Result: NOTE
     installed size is 6.2Mb
     sub-directories of 1Mb or more:
     R 1.5Mb
     test_files 4.2Mb
Flavors: r-devel-linux-x86_64-fedora-clang, r-devel-windows-ix86+x86_64, r-patched-solaris-x86, r-release-macos-x86_64, r-release-windows-ix86+x86_64, r-oldrel-macos-x86_64, r-oldrel-windows-ix86+x86_64