CRAN Package Check Results for Package npphen

Last updated on 2021-03-03 08:48:41 CET.

Flavor Version Tinstall Tcheck Ttotal Status Flags
r-devel-linux-x86_64-debian-clang 1.1-0 OK
r-devel-linux-x86_64-debian-gcc 1.1-0 12.15 96.85 109.00 OK
r-devel-linux-x86_64-fedora-clang 1.1-0 177.83 NOTE
r-devel-linux-x86_64-fedora-gcc 1.1-0 169.02 NOTE
r-devel-windows-ix86+x86_64 1.1-0 34.00 143.00 177.00 OK
r-patched-linux-x86_64 1.1-0 15.08 117.01 132.09 OK
r-patched-solaris-x86 1.1-0 257.70 NOTE
r-release-linux-x86_64 1.1-0 14.01 117.79 131.80 OK
r-release-macos-x86_64 1.1-0 NOTE
r-release-windows-ix86+x86_64 1.1-0 29.00 124.00 153.00 OK
r-oldrel-macos-x86_64 1.1-0 NOTE
r-oldrel-windows-ix86+x86_64 1.1-0 32.00 131.00 163.00 OK

Check Details

Version: 1.1-0
Check: dependencies in R code
Result: NOTE
    Namespace in Imports field not imported from: ‘rts’
     All declared Imports should be used.
Flavors: r-devel-linux-x86_64-fedora-clang, r-devel-linux-x86_64-fedora-gcc, r-patched-solaris-x86, r-release-macos-x86_64, r-oldrel-macos-x86_64