Last updated on 2021-04-16 07:48:07 CEST.
Flavor | Version | Tinstall | Tcheck | Ttotal | Status | Flags |
---|---|---|---|---|---|---|
r-devel-linux-x86_64-debian-clang | 1.0 | 1.59 | 17.81 | 19.40 | OK | |
r-devel-linux-x86_64-debian-gcc | 1.0 | 1.60 | 14.15 | 15.75 | OK | |
r-devel-linux-x86_64-fedora-clang | 1.0 | 33.06 | NOTE | |||
r-devel-linux-x86_64-fedora-gcc | 1.0 | 24.34 | OK | |||
r-devel-windows-ix86+x86_64 | 1.0 | 4.00 | 1.00 | 5.00 | ERROR | |
r-devel-windows-x86_64-gcc10-UCRT | 1.0 | OK | ||||
r-patched-linux-x86_64 | 1.0 | 2.08 | 17.38 | 19.46 | OK | |
r-patched-solaris-x86 | 1.0 | 39.10 | NOTE | |||
r-release-linux-x86_64 | 1.0 | 1.72 | 17.45 | 19.17 | OK | |
r-release-macos-x86_64 | 1.0 | NOTE | ||||
r-release-windows-ix86+x86_64 | 1.0 | 3.00 | 22.00 | 25.00 | NOTE | |
r-oldrel-macos-x86_64 | 1.0 | NOTE | ||||
r-oldrel-windows-ix86+x86_64 | 1.0 | 4.00 | 31.00 | 35.00 | NOTE |
Version: 1.0
Check: installed package size
Result: NOTE
installed size is 7.7Mb
sub-directories of 1Mb or more:
data 7.6Mb
Flavors: r-devel-linux-x86_64-fedora-clang, r-patched-solaris-x86, r-release-macos-x86_64, r-release-windows-ix86+x86_64, r-oldrel-macos-x86_64, r-oldrel-windows-ix86+x86_64
Version: 1.0
Check: whether package can be installed
Result: ERROR
Installation failed.
Flavor: r-devel-windows-ix86+x86_64