Last updated on 2021-02-25 07:49:51 CET.
Flavor | Version | Tinstall | Tcheck | Ttotal | Status | Flags |
---|---|---|---|---|---|---|
r-devel-linux-x86_64-debian-clang | 1.17 | 8.42 | 38.33 | 46.75 | OK | |
r-devel-linux-x86_64-debian-gcc | 1.17 | 6.32 | 28.84 | 35.16 | OK | |
r-devel-linux-x86_64-fedora-clang | 1.17 | 66.61 | OK | |||
r-devel-linux-x86_64-fedora-gcc | 1.17 | 55.18 | OK | |||
r-devel-windows-ix86+x86_64 | 1.17 | 20.00 | 82.00 | 102.00 | NOTE | |
r-patched-linux-x86_64 | 1.17 | 7.92 | 35.85 | 43.77 | OK | |
r-patched-solaris-x86 | 1.17 | 75.10 | OK | |||
r-release-linux-x86_64 | 1.17 | 9.04 | 35.60 | 44.64 | OK | |
r-release-macos-x86_64 | 1.17 | NOTE | ||||
r-release-windows-ix86+x86_64 | 1.17 | 17.00 | 69.00 | 86.00 | NOTE | |
r-oldrel-macos-x86_64 | 1.17 | NOTE | ||||
r-oldrel-windows-ix86+x86_64 | 1.17 | 27.00 | 98.00 | 125.00 | NOTE |
Version: 1.17
Check: installed package size
Result: NOTE
installed size is 8.7Mb
sub-directories of 1Mb or more:
libs 8.4Mb
Flavors: r-devel-windows-ix86+x86_64, r-release-macos-x86_64, r-release-windows-ix86+x86_64, r-oldrel-macos-x86_64, r-oldrel-windows-ix86+x86_64