CRAN Package Check Results for Package mvnfast

Last updated on 2021-04-15 08:48:58 CEST.

Flavor Version Tinstall Tcheck Ttotal Status Flags
r-devel-linux-x86_64-debian-clang 0.2.5.1 122.87 112.79 235.66 OK
r-devel-linux-x86_64-debian-gcc 0.2.5.1 83.62 87.17 170.79 OK
r-devel-linux-x86_64-fedora-clang 0.2.5.1 323.56 NOTE
r-devel-linux-x86_64-fedora-gcc 0.2.5.1 289.04 OK
r-devel-windows-ix86+x86_64 0.2.5.1 300.00 5.00 305.00 ERROR
r-devel-windows-x86_64-gcc10-UCRT 0.2.5.1 OK
r-patched-linux-x86_64 0.2.5.1 97.15 109.03 206.18 OK
r-patched-solaris-x86 0.2.5.1 169.50 OK --no-vignettes
r-release-linux-x86_64 0.2.5.1 103.03 104.12 207.15 OK
r-release-macos-x86_64 0.2.5.1 OK
r-release-windows-ix86+x86_64 0.2.5.1 245.00 152.00 397.00 OK
r-oldrel-macos-x86_64 0.2.5.1 OK
r-oldrel-windows-ix86+x86_64 0.2.5.1 262.00 104.00 366.00 OK

Check Details

Version: 0.2.5.1
Check: installed package size
Result: NOTE
     installed size is 5.3Mb
     sub-directories of 1Mb or more:
     libs 4.3Mb
Flavor: r-devel-linux-x86_64-fedora-clang

Version: 0.2.5.1
Check: whether package can be installed
Result: ERROR
    Installation failed.
    See * DONE
Flavor: r-devel-windows-ix86+x86_64