Last updated on 2021-01-24 07:50:53 CET.
Flavor | Version | Tinstall | Tcheck | Ttotal | Status | Flags |
---|---|---|---|---|---|---|
r-devel-linux-x86_64-debian-clang | 0.2.5.1 | 124.41 | 116.33 | 240.74 | OK | |
r-devel-linux-x86_64-debian-gcc | 0.2.5.1 | 77.92 | 92.16 | 170.08 | OK | |
r-devel-linux-x86_64-fedora-clang | 0.2.5.1 | 314.81 | NOTE | |||
r-devel-linux-x86_64-fedora-gcc | 0.2.5.1 | 277.17 | OK | |||
r-devel-windows-ix86+x86_64 | 0.2.5.1 | 294.00 | 113.00 | 407.00 | OK | |
r-patched-linux-x86_64 | 0.2.5.1 | 94.03 | 102.07 | 196.10 | OK | |
r-patched-solaris-x86 | 0.2.5.1 | 184.20 | OK | --no-vignettes | ||
r-release-linux-x86_64 | 0.2.5.1 | 98.95 | 100.78 | 199.73 | OK | |
r-release-macos-x86_64 | 0.2.5.1 | OK | ||||
r-release-windows-ix86+x86_64 | 0.2.5.1 | 216.00 | 143.00 | 359.00 | OK | |
r-oldrel-macos-x86_64 | 0.2.5.1 | OK | ||||
r-oldrel-windows-ix86+x86_64 | 0.2.5.1 | 205.00 | 152.00 | 357.00 | OK |
Version: 0.2.5.1
Check: installed package size
Result: NOTE
installed size is 5.3Mb
sub-directories of 1Mb or more:
libs 4.2Mb
Flavor: r-devel-linux-x86_64-fedora-clang