CRAN Package Check Results for Package modelr

Last updated on 2021-03-03 08:48:40 CET.

Flavor Version Tinstall Tcheck Ttotal Status Flags
r-devel-linux-x86_64-debian-clang 0.1.8 OK
r-devel-linux-x86_64-debian-gcc 0.1.8 4.07 46.48 50.55 OK
r-devel-linux-x86_64-fedora-clang 0.1.8 87.98 NOTE
r-devel-linux-x86_64-fedora-gcc 0.1.8 76.83 OK
r-devel-windows-ix86+x86_64 0.1.8 12.00 94.00 106.00 OK
r-patched-linux-x86_64 0.1.8 4.20 58.64 62.84 OK
r-patched-solaris-x86 0.1.8 106.00 OK
r-release-linux-x86_64 0.1.8 4.44 62.18 66.62 OK
r-release-macos-x86_64 0.1.8 OK
r-release-windows-ix86+x86_64 0.1.8 10.00 70.00 80.00 OK
r-oldrel-macos-x86_64 0.1.8 OK
r-oldrel-windows-ix86+x86_64 0.1.8 10.00 78.00 88.00 OK

Check Details

Version: 0.1.8
Check: Rd cross-references
Result: NOTE
    Undeclared packages ‘lme4’, ‘rstanarm’, ‘dplyr’ in Rd xrefs
Flavor: r-devel-linux-x86_64-fedora-clang