CRAN Package Check Results for Package mnormt

Last updated on 2021-04-15 08:48:58 CEST.

Flavor Version Tinstall Tcheck Ttotal Status Flags
r-devel-linux-x86_64-debian-clang 2.0.2 5.94 28.24 34.18 OK
r-devel-linux-x86_64-debian-gcc 2.0.2 4.77 21.94 26.71 OK
r-devel-linux-x86_64-fedora-clang 2.0.2 50.63 OK
r-devel-linux-x86_64-fedora-gcc 2.0.2 41.49 OK
r-devel-windows-ix86+x86_64 2.0.2 15.00 6.00 21.00 ERROR
r-devel-windows-x86_64-gcc10-UCRT 2.0.2 OK
r-patched-linux-x86_64 2.0.2 5.49 26.53 32.02 OK
r-patched-solaris-x86 2.0.2 57.70 OK
r-release-linux-x86_64 2.0.2 6.00 26.41 32.41 OK
r-release-macos-x86_64 2.0.2 OK
r-release-windows-ix86+x86_64 2.0.2 13.00 41.00 54.00 OK
r-oldrel-macos-x86_64 2.0.2 OK
r-oldrel-windows-ix86+x86_64 2.0.2 12.00 37.00 49.00 OK

Check Details

Version: 2.0.2
Check: whether package can be installed
Result: ERROR
    Installation failed.
Flavor: r-devel-windows-ix86+x86_64