CRAN Package Check Results for Package mlr3db

Last updated on 2021-03-03 08:48:40 CET.

Flavor Version Tinstall Tcheck Ttotal Status Flags
r-devel-linux-x86_64-debian-clang 0.3.0 OK
r-devel-linux-x86_64-debian-gcc 0.3.0 3.86 60.24 64.10 OK
r-devel-linux-x86_64-fedora-clang 0.3.0 109.32 OK
r-devel-linux-x86_64-fedora-gcc 0.3.0 96.48 OK
r-devel-windows-ix86+x86_64 0.3.0 9.00 132.00 141.00 OK
r-patched-linux-x86_64 0.3.0 5.19 76.53 81.72 OK
r-patched-solaris-x86 0.3.0 179.80 OK
r-release-linux-x86_64 0.3.0 4.74 79.87 84.61 OK
r-release-macos-x86_64 0.3.0 OK
r-release-windows-ix86+x86_64 0.3.0 7.00 83.00 90.00 OK
r-oldrel-macos-x86_64 0.3.0 WARN
r-oldrel-windows-ix86+x86_64 0.3.0 8.00 106.00 114.00 WARN

Check Details

Version: 0.3.0
Check: Rd cross-references
Result: WARN
    Missing link or links in documentation object 'as_duckdb_backend.Rd':
     ‘[tools:userdir]{tools::R_user_dir()}’
    
    Missing link or links in documentation object 'as_sqlite_backend.Rd':
     ‘[tools:userdir]{tools::R_user_dir()}’
    
    See section 'Cross-references' in the 'Writing R Extensions' manual.
Flavors: r-oldrel-macos-x86_64, r-oldrel-windows-ix86+x86_64