Last updated on 2021-03-03 08:48:40 CET.
Flavor | Version | Tinstall | Tcheck | Ttotal | Status | Flags |
---|---|---|---|---|---|---|
r-devel-linux-x86_64-debian-clang | 0.0.5 | OK | ||||
r-devel-linux-x86_64-debian-gcc | 0.0.5 | 54.12 | 76.79 | 130.91 | OK | |
r-devel-linux-x86_64-fedora-clang | 0.0.5 | 234.88 | NOTE | |||
r-devel-linux-x86_64-fedora-gcc | 0.0.5 | 213.04 | OK | |||
r-devel-windows-ix86+x86_64 | 0.0.5 | 162.00 | 193.00 | 355.00 | OK | |
r-patched-linux-x86_64 | 0.0.5 | 59.55 | 92.61 | 152.16 | OK | |
r-patched-solaris-x86 | 0.0.5 | 254.40 | OK | |||
r-release-linux-x86_64 | 0.0.5 | 58.38 | 96.46 | 154.84 | OK | |
r-release-macos-x86_64 | 0.0.5 | NOTE | ||||
r-release-windows-ix86+x86_64 | 0.0.5 | 130.00 | 176.00 | 306.00 | OK | |
r-oldrel-macos-x86_64 | 0.0.5 | NOTE | ||||
r-oldrel-windows-ix86+x86_64 | 0.0.5 | 126.00 | 157.00 | 283.00 | OK |
Version: 0.0.5
Check: installed package size
Result: NOTE
installed size is 5.4Mb
sub-directories of 1Mb or more:
libs 4.8Mb
Flavors: r-devel-linux-x86_64-fedora-clang, r-release-macos-x86_64, r-oldrel-macos-x86_64