CRAN Package Check Results for Package meteoland

Last updated on 2021-01-18 07:48:30 CET.

Flavor Version Tinstall Tcheck Ttotal Status Flags
r-devel-linux-x86_64-debian-clang 0.9.7 119.31 252.23 371.54 OK
r-devel-linux-x86_64-debian-gcc 0.9.7 81.28 184.52 265.80 OK
r-devel-linux-x86_64-fedora-clang 0.9.7 474.71 NOTE
r-devel-linux-x86_64-fedora-gcc 0.9.7 443.53 OK
r-devel-windows-ix86+x86_64 0.9.7 195.00 342.00 537.00 NOTE
r-patched-linux-x86_64 0.9.7 92.21 225.47 317.68 OK
r-patched-solaris-x86 0.9.7 548.20 OK
r-release-linux-x86_64 0.9.7 93.35 223.76 317.11 OK
r-release-macos-x86_64 0.9.7 NOTE
r-release-windows-ix86+x86_64 0.9.7 217.00 302.00 519.00 NOTE
r-oldrel-macos-x86_64 0.9.7 NOTE
r-oldrel-windows-ix86+x86_64 0.9.7 233.00 380.00 613.00 OK

Check Details

Version: 0.9.7
Check: installed package size
Result: NOTE
     installed size is 6.5Mb
     sub-directories of 1Mb or more:
     R 1.1Mb
     libs 4.0Mb
Flavors: r-devel-linux-x86_64-fedora-clang, r-devel-windows-ix86+x86_64, r-release-macos-x86_64, r-release-windows-ix86+x86_64, r-oldrel-macos-x86_64