Last updated on 2021-01-16 07:49:23 CET.
Flavor | Version | Tinstall | Tcheck | Ttotal | Status | Flags |
---|---|---|---|---|---|---|
r-devel-linux-x86_64-debian-clang | 1.2.3 | 5.56 | 55.62 | 61.18 | OK | |
r-devel-linux-x86_64-debian-gcc | 1.2.3 | 4.36 | 42.53 | 46.89 | OK | |
r-devel-linux-x86_64-fedora-clang | 1.2.3 | 79.50 | NOTE | |||
r-devel-linux-x86_64-fedora-gcc | 1.2.3 | 68.78 | NOTE | |||
r-devel-windows-ix86+x86_64 | 1.2.3 | 10.00 | 66.00 | 76.00 | OK | |
r-patched-linux-x86_64 | 1.2.3 | 5.24 | 49.74 | 54.98 | OK | |
r-patched-solaris-x86 | 1.2.3 | 104.10 | NOTE | |||
r-release-linux-x86_64 | 1.2.3 | 4.97 | 50.46 | 55.43 | OK | |
r-release-macos-x86_64 | 1.2.3 | NOTE | ||||
r-release-windows-ix86+x86_64 | 1.2.3 | 12.00 | 57.00 | 69.00 | OK | |
r-oldrel-macos-x86_64 | 1.2.3 | NOTE | ||||
r-oldrel-windows-ix86+x86_64 | 1.2.3 | 11.00 | 77.00 | 88.00 | OK |
Version: 1.2.3
Check: dependencies in R code
Result: NOTE
Namespace in Imports field not imported from: ‘grDevices’
All declared Imports should be used.
Flavors: r-devel-linux-x86_64-fedora-clang, r-devel-linux-x86_64-fedora-gcc, r-patched-solaris-x86, r-release-macos-x86_64, r-oldrel-macos-x86_64
Version: 1.2.3
Check: data for non-ASCII characters
Result: NOTE
Note: found 5 marked UTF-8 strings
Flavors: r-devel-linux-x86_64-fedora-clang, r-devel-linux-x86_64-fedora-gcc, r-patched-solaris-x86, r-release-macos-x86_64, r-oldrel-macos-x86_64