CRAN Package Check Results for Package mazeinda

Last updated on 2021-03-03 08:48:39 CET.

Flavor Version Tinstall Tcheck Ttotal Status Flags
r-devel-linux-x86_64-debian-clang 0.0.1 NOTE --no-vignettes
r-devel-linux-x86_64-debian-gcc 0.0.1 1.95 20.68 22.63 NOTE --no-vignettes
r-devel-linux-x86_64-fedora-clang 0.0.1 948.52 OK
r-devel-linux-x86_64-fedora-gcc 0.0.1 990.65 OK
r-devel-windows-ix86+x86_64 0.0.1 6.00 1044.00 1050.00 NOTE
r-patched-linux-x86_64 0.0.1 2.34 25.87 28.21 NOTE --no-vignettes
r-patched-solaris-x86 0.0.1 1103.20 OK
r-release-linux-x86_64 0.0.1 2.36 26.39 28.75 NOTE --no-vignettes
r-release-macos-x86_64 0.0.1 OK
r-release-windows-ix86+x86_64 0.0.1 5.00 730.00 735.00 NOTE
r-oldrel-macos-x86_64 0.0.1 OK
r-oldrel-windows-ix86+x86_64 0.0.1 4.00 934.00 938.00 NOTE

Check Details

Version: 0.0.1
Flags: --no-vignettes
Check: package vignettes
Result: NOTE
    Package vignette with placeholder title 'Vignette Title':
     'my-vignette.Rmd'
Flavors: r-devel-linux-x86_64-debian-clang, r-devel-linux-x86_64-debian-gcc, r-patched-linux-x86_64, r-release-linux-x86_64

Version: 0.0.1
Check: package dependencies
Result: NOTE
    Package suggested but not available for checking: 'doMC'
Flavors: r-devel-windows-ix86+x86_64, r-release-windows-ix86+x86_64, r-oldrel-windows-ix86+x86_64

Version: 0.0.1
Check: package vignettes
Result: NOTE
    Package vignette with placeholder title 'Vignette Title':
     'my-vignette.Rmd'
Flavors: r-devel-windows-ix86+x86_64, r-release-windows-ix86+x86_64