Last updated on 2021-01-25 08:48:46 CET.
Flavor | Version | Tinstall | Tcheck | Ttotal | Status | Flags |
---|---|---|---|---|---|---|
r-devel-linux-x86_64-debian-clang | 1.0.4 | 25.00 | 113.56 | 138.56 | OK | |
r-devel-linux-x86_64-debian-gcc | 1.0.4 | 16.33 | 84.34 | 100.67 | OK | |
r-devel-linux-x86_64-fedora-clang | 1.0.4 | 166.38 | OK | |||
r-devel-linux-x86_64-fedora-gcc | 1.0.4 | 157.65 | OK | |||
r-devel-windows-ix86+x86_64 | 1.0.4 | 47.00 | 191.00 | 238.00 | OK | |
r-patched-linux-x86_64 | 1.0.4 | 17.94 | 103.72 | 121.66 | OK | |
r-patched-solaris-x86 | 1.0.4 | 221.70 | OK | |||
r-release-linux-x86_64 | 1.0.4 | 20.35 | 104.37 | 124.72 | OK | |
r-release-macos-x86_64 | 1.0.4 | OK | ||||
r-release-windows-ix86+x86_64 | 1.0.4 | 46.00 | 137.00 | 183.00 | OK | |
r-oldrel-macos-x86_64 | 1.0.4 | FAIL | ||||
r-oldrel-windows-ix86+x86_64 | 1.0.4 | 31.00 | 179.00 | 210.00 | OK |
Version: 1.0.4
Check: examples
Result: FAIL
Flavor: r-oldrel-macos-x86_64