CRAN Package Check Results for Package kknn

Last updated on 2021-04-22 07:48:10 CEST.

Flavor Version Tinstall Tcheck Ttotal Status Flags
r-devel-linux-x86_64-debian-clang 1.3.1 8.49 73.46 81.95 OK
r-devel-linux-x86_64-debian-gcc 1.3.1 6.86 56.87 63.73 OK
r-devel-linux-x86_64-fedora-clang 1.3.1 117.02 NOTE
r-devel-linux-x86_64-fedora-gcc 1.3.1 97.81 NOTE
r-devel-windows-ix86+x86_64 1.3.1 19.00 100.00 119.00 OK
r-devel-windows-x86_64-gcc10-UCRT 1.3.1 OK
r-patched-linux-x86_64 1.3.1 11.70 68.36 80.06 WARN
r-patched-solaris-x86 1.3.1 148.70 OK
r-release-linux-x86_64 1.3.1 7.80 68.70 76.50 OK
r-release-macos-x86_64 1.3.1 OK
r-release-windows-ix86+x86_64 1.3.1 20.00 112.00 132.00 OK
r-oldrel-macos-x86_64 1.3.1 OK
r-oldrel-windows-ix86+x86_64 1.3.1 15.00 119.00 134.00 OK

Check Details

Version: 1.3.1
Check: compiled code
Result: NOTE
    File ‘kknn/libs/kknn.so’:
     Found no calls to: ‘R_registerRoutines’, ‘R_useDynamicSymbols’
    
    It is good practice to register native routines and to disable symbol
    search.
    
    See ‘Writing portable packages’ in the ‘Writing R Extensions’ manual.
Flavors: r-devel-linux-x86_64-fedora-clang, r-devel-linux-x86_64-fedora-gcc

Version: 1.3.1
Check: whether package can be installed
Result: WARN
    Found the following significant warnings:
     Rd warning: /tmp/RtmpcTG158/R.INSTALL4c4c63415a95/kknn/man/kknn.Rd:70: file link ‘simulation’ in package ‘kknn’ does not exist and so has been treated as a topic
     Rd warning: /tmp/RtmpcTG158/R.INSTALL4c4c63415a95/kknn/man/train.kknn.Rd:62: file link ‘simulation’ in package ‘kknn’ does not exist and so has been treated as a topic
Flavor: r-patched-linux-x86_64