Last updated on 2021-01-21 07:52:55 CET.
Flavor | Version | Tinstall | Tcheck | Ttotal | Status | Flags |
---|---|---|---|---|---|---|
r-devel-linux-x86_64-debian-clang | 0.3.17 | 2.86 | 61.09 | 63.95 | OK | |
r-devel-linux-x86_64-debian-gcc | 0.3.17 | 1.95 | 40.38 | 42.33 | OK | |
r-devel-linux-x86_64-fedora-clang | 0.3.17 | 84.74 | OK | |||
r-devel-linux-x86_64-fedora-gcc | 0.3.17 | 69.61 | OK | |||
r-devel-windows-ix86+x86_64 | 0.3.17 | 7.00 | 76.00 | 83.00 | OK | |
r-patched-linux-x86_64 | 0.3.17 | 2.42 | 51.48 | 53.90 | OK | |
r-patched-solaris-x86 | 0.3.17 | 107.50 | OK | |||
r-release-linux-x86_64 | 0.3.17 | 2.99 | 50.87 | 53.86 | OK | |
r-release-macos-x86_64 | 0.3.17 | OK | ||||
r-release-windows-ix86+x86_64 | 0.3.17 | 6.00 | 89.00 | 95.00 | OK | |
r-oldrel-macos-x86_64 | 0.3.17 | ERROR | ||||
r-oldrel-windows-ix86+x86_64 | 0.3.17 | 4.00 | 65.00 | 69.00 | OK |
Version: 0.3.17
Check: tests
Result: ERROR
Running ‘tinytest.R’ [18s/19s]
Running the tests in ‘tests/tinytest.R’ failed.
Last 13 lines of output:
Running test_utilities.R.............. 4 tests <1b>[0;32mOK<1b>[0m
Running test_utilities.R.............. 5 tests <1b>[0;32mOK<1b>[0m Error in dyn.unload(new_path) :
shared object '/private/tmp/RtmpC5CgNJ/testname.so' was not loaded
Running test_utilities.R.............. 6 tests <1b>[0;31m1 fails<1b>[0m Error in dyn.unload(new_path) :
shared object '/private/tmp/RtmpC5CgNJ/testname.so' was not loaded
Running test_utilities.R.............. 7 tests <1b>[0;31m2 fails<1b>[0m
Running test_utilities.R.............. 7 tests <1b>[0;31m2 fails<1b>[0m
Running test_utilities.R.............. 8 tests <1b>[0;31m2 fails<1b>[0m Error in dyn.unload(new_path) :
shared object '/private/tmp/RtmpC5CgNJ/testname.so' was not loaded
Error in .local(x, ...) :
Could not unload /private/tmp/RtmpC5CgNJ/testname.so
Calls: <Anonymous> ... FUN -> eval -> eval -> moveDLL -> moveDLL -> .local
Execution halted
Flavor: r-oldrel-macos-x86_64