CRAN Package Check Results for Package hydroscoper

Last updated on 2021-01-18 07:48:24 CET.

Flavor Version Tinstall Tcheck Ttotal Status Flags
r-devel-linux-x86_64-debian-clang 1.3 2.60 37.03 39.63 OK
r-devel-linux-x86_64-debian-gcc 1.3 2.33 28.80 31.13 OK
r-devel-linux-x86_64-fedora-clang 1.3 57.43 NOTE
r-devel-linux-x86_64-fedora-gcc 1.3 48.69 NOTE
r-devel-windows-ix86+x86_64 1.3 6.00 54.00 60.00 OK
r-patched-linux-x86_64 1.3 2.63 35.75 38.38 OK
r-patched-solaris-x86 1.3 71.40 NOTE
r-release-linux-x86_64 1.3 2.52 36.14 38.66 OK
r-release-macos-x86_64 1.3 NOTE
r-release-windows-ix86+x86_64 1.3 6.00 52.00 58.00 OK
r-oldrel-macos-x86_64 1.3 NOTE
r-oldrel-windows-ix86+x86_64 1.3 5.00 47.00 52.00 OK

Check Details

Version: 1.3
Check: data for non-ASCII characters
Result: NOTE
     Note: found 3026 marked UTF-8 strings
Flavors: r-devel-linux-x86_64-fedora-clang, r-devel-linux-x86_64-fedora-gcc, r-patched-solaris-x86, r-release-macos-x86_64, r-oldrel-macos-x86_64