CRAN Package Check Results for Package hydrolinks

Last updated on 2021-01-18 07:48:24 CET.

Flavor Version Tinstall Tcheck Ttotal Status Flags
r-devel-linux-x86_64-debian-clang 0.10.0 7.53 66.85 74.38 OK
r-devel-linux-x86_64-debian-gcc 0.10.0 6.01 50.57 56.58 OK
r-devel-linux-x86_64-fedora-clang 0.10.0 97.57 NOTE
r-devel-linux-x86_64-fedora-gcc 0.10.0 88.83 NOTE
r-devel-windows-ix86+x86_64 0.10.0 14.00 72.00 86.00 OK
r-patched-linux-x86_64 0.10.0 6.50 62.30 68.80 OK
r-patched-solaris-x86 0.10.0 137.90 NOTE
r-release-linux-x86_64 0.10.0 7.02 61.93 68.95 OK
r-release-macos-x86_64 0.10.0 NOTE
r-release-windows-ix86+x86_64 0.10.0 14.00 71.00 85.00 OK
r-oldrel-macos-x86_64 0.10.0 NOTE
r-oldrel-windows-ix86+x86_64 0.10.0 14.00 82.00 96.00 OK

Check Details

Version: 0.10.0
Check: dependencies in R code
Result: NOTE
    Namespace in Imports field not imported from: ‘dbplyr’
     All declared Imports should be used.
Flavors: r-devel-linux-x86_64-fedora-clang, r-devel-linux-x86_64-fedora-gcc, r-patched-solaris-x86, r-release-macos-x86_64, r-oldrel-macos-x86_64