CRAN Package Check Results for Package hydroTSM

Last updated on 2021-01-18 07:48:24 CET.

Flavor Version Tinstall Tcheck Ttotal Status Flags
r-devel-linux-x86_64-debian-clang 0.6-0 11.84 99.40 111.24 OK
r-devel-linux-x86_64-debian-gcc 0.6-0 8.77 76.96 85.73 OK
r-devel-linux-x86_64-fedora-clang 0.6-0 141.59 NOTE
r-devel-linux-x86_64-fedora-gcc 0.6-0 141.32 OK
r-devel-windows-ix86+x86_64 0.6-0 20.00 149.00 169.00 OK
r-patched-linux-x86_64 0.6-0 9.84 92.34 102.18 OK
r-patched-solaris-x86 0.6-0 190.60 OK
r-release-linux-x86_64 0.6-0 12.11 92.69 104.80 OK
r-release-macos-x86_64 0.6-0 OK
r-release-windows-ix86+x86_64 0.6-0 25.00 139.00 164.00 OK
r-oldrel-macos-x86_64 0.6-0 OK
r-oldrel-windows-ix86+x86_64 0.6-0 27.00 130.00 157.00 OK

Check Details

Version: 0.6-0
Check: Rd cross-references
Result: NOTE
    Undeclared package ‘rgdal’ in Rd xrefs
Flavor: r-devel-linux-x86_64-fedora-clang