CRAN Package Check Results for Package hydroPSO

Last updated on 2021-01-21 07:52:55 CET.

Flavor Version Tinstall Tcheck Ttotal Status Flags
r-devel-linux-x86_64-debian-clang 0.5-1 26.37 180.56 206.93 OK
r-devel-linux-x86_64-debian-gcc 0.5-1 18.79 133.52 152.31 OK
r-devel-linux-x86_64-fedora-clang 0.5-1 251.82 OK
r-devel-linux-x86_64-fedora-gcc 0.5-1 239.77 OK
r-devel-windows-ix86+x86_64 0.5-1 37.00 190.00 227.00 OK
r-patched-linux-x86_64 0.5-1 15.50 162.31 177.81 OK
r-patched-solaris-x86 0.5-1 316.30 OK
r-release-linux-x86_64 0.5-1 26.14 161.40 187.54 OK
r-release-macos-x86_64 0.5-1 OK
r-release-windows-ix86+x86_64 0.5-1 59.00 236.00 295.00 OK
r-oldrel-macos-x86_64 0.5-1 WARN
r-oldrel-windows-ix86+x86_64 0.5-1 37.00 155.00 192.00 OK

Check Details

Version: 0.5-1
Check: dependencies in R code
Result: NOTE
    No protocol specified
    No protocol specified
Flavor: r-oldrel-macos-x86_64

Version: 0.5-1
Check: S3 generic/method consistency
Result: WARN
    No protocol specified
    No protocol specified
    See section ‘Generic functions and methods’ in the ‘Writing R
    Extensions’ manual.
Flavor: r-oldrel-macos-x86_64

Version: 0.5-1
Check: replacement functions
Result: WARN
    No protocol specified
    No protocol specified
    The argument of a replacement function which corresponds to the right
    hand side must be named ‘value’.
Flavor: r-oldrel-macos-x86_64

Version: 0.5-1
Check: foreign function calls
Result: NOTE
    No protocol specified
    No protocol specified
    See chapter ‘System and foreign language interfaces’ in the ‘Writing R
    Extensions’ manual.
Flavor: r-oldrel-macos-x86_64

Version: 0.5-1
Check: R code for possible problems
Result: NOTE
    No protocol specified
    No protocol specified
Flavor: r-oldrel-macos-x86_64

Version: 0.5-1
Check: for missing documentation entries
Result: WARN
    No protocol specified
    No protocol specified
    All user-level objects in a package should have documentation entries.
    See chapter ‘Writing R documentation files’ in the ‘Writing R
    Extensions’ manual.
Flavor: r-oldrel-macos-x86_64

Version: 0.5-1
Check: for code/documentation mismatches
Result: WARN
    No protocol specified
    No protocol specified
    No protocol specified
    No protocol specified
    No protocol specified
    No protocol specified
Flavor: r-oldrel-macos-x86_64

Version: 0.5-1
Check: Rd \usage sections
Result: NOTE
    No protocol specified
    No protocol specified
    The \usage entries for S3 methods should use the \method markup and not
    their full name.
    See chapter ‘Writing R documentation files’ in the ‘Writing R
    Extensions’ manual.
Flavor: r-oldrel-macos-x86_64