Last updated on 2021-03-03 08:48:37 CET.
Flavor | Version | Tinstall | Tcheck | Ttotal | Status | Flags |
---|---|---|---|---|---|---|
r-devel-linux-x86_64-debian-clang | 1.0.0 | NOTE | ||||
r-devel-linux-x86_64-debian-gcc | 1.0.0 | 9.72 | 94.67 | 104.39 | NOTE | |
r-devel-linux-x86_64-fedora-clang | 1.0.0 | 175.60 | NOTE | |||
r-devel-linux-x86_64-fedora-gcc | 1.0.0 | 162.24 | NOTE | |||
r-devel-windows-ix86+x86_64 | 1.0.0 | 28.00 | 159.00 | 187.00 | OK | |
r-patched-linux-x86_64 | 1.0.0 | 11.79 | 117.92 | 129.71 | NOTE | |
r-patched-solaris-x86 | 1.0.0 | 245.90 | NOTE | |||
r-release-linux-x86_64 | 1.0.0 | 11.20 | 118.05 | 129.25 | NOTE | |
r-release-macos-x86_64 | 1.0.0 | NOTE | ||||
r-release-windows-ix86+x86_64 | 1.0.0 | 19.00 | 110.00 | 129.00 | OK | |
r-oldrel-macos-x86_64 | 1.0.0 | NOTE | ||||
r-oldrel-windows-ix86+x86_64 | 1.0.0 | 25.00 | 136.00 | 161.00 | OK |
Version: 1.0.0
Check: for non-standard things in the check directory
Result: NOTE
Found the following files/directories:
'NUL'
Flavors: r-devel-linux-x86_64-debian-clang, r-devel-linux-x86_64-debian-gcc, r-devel-linux-x86_64-fedora-clang, r-devel-linux-x86_64-fedora-gcc, r-patched-linux-x86_64, r-patched-solaris-x86, r-release-linux-x86_64
Version: 1.0.0
Check: dependencies in R code
Result: NOTE
Namespaces in Imports field not imported from:
‘MASS’ ‘Rdpack’
All declared Imports should be used.
Flavors: r-devel-linux-x86_64-fedora-clang, r-devel-linux-x86_64-fedora-gcc, r-patched-solaris-x86, r-release-macos-x86_64, r-oldrel-macos-x86_64