CRAN Package Check Results for Package hddtools

Last updated on 2021-01-18 07:48:24 CET.

Flavor Version Tinstall Tcheck Ttotal Status Flags
r-devel-linux-x86_64-debian-clang 0.9.3 13.80 148.54 162.34 OK
r-devel-linux-x86_64-debian-gcc 0.9.3 12.50 110.30 122.80 OK
r-devel-linux-x86_64-fedora-clang 0.9.3 205.49 OK
r-devel-linux-x86_64-fedora-gcc 0.9.3 196.35 OK
r-devel-windows-ix86+x86_64 0.9.1 24.00 166.00 190.00 ERROR
r-patched-linux-x86_64 0.9.3 9.08 136.44 145.52 OK
r-patched-solaris-x86 0.9.3 246.10 OK
r-release-linux-x86_64 0.9.3 13.92 138.54 152.46 OK
r-release-macos-x86_64 0.9.3 OK
r-release-windows-ix86+x86_64 0.9.1 25.00 156.00 181.00 ERROR
r-oldrel-macos-x86_64 0.9.3 OK
r-oldrel-windows-ix86+x86_64 0.9.3 21.00 139.00 160.00 OK

Check Details

Version: 0.9.1
Check: tests
Result: ERROR
     Running 'testthat.R' [22s]
    Running the tests in 'tests/testthat.R' failed.
    Complete output:
     > library('testthat')
     > library('hddtools')
     Loading required package: rgdal
     Loading required package: sp
     rgdal: version: 1.5-19, (SVN revision 1092)
     Geospatial Data Abstraction Library extensions to R successfully loaded
     Loaded GDAL runtime: GDAL 3.0.4, released 2020/01/28
     Path to GDAL shared files: D:/temp/Rtmp8WI0D5/RLIBS_179f441574e4b/rgdal/gdal
     GDAL binary built with GEOS: TRUE
     Loaded PROJ runtime: Rel. 6.3.1, February 10th, 2020, [PJ_VERSION: 631]
     Path to PROJ shared files: D:/temp/Rtmp8WI0D5/RLIBS_179f441574e4b/rgdal/proj
     Linking to sp version:1.4-5
     To mute warnings of possible GDAL/OSR exportToProj4() degradation,
     use options("rgdal_show_exportToProj4_warnings"="none") before loading rgdal.
     >
     > test_check('hddtools')
     == Skipped tests ===============================================================
     * On CRAN (4)
    
     == Failed tests ================================================================
     -- Error (test-SEPA.R:6:3): Test catalogueSEPA ---------------------------------
     Error: replacement has 0 rows, data has 497
     Backtrace:
     x
     1. \-hddtools::catalogueSEPA() test-SEPA.R:6:2
     2. +-base::`$<-`(`*tmp*`, "CATCHMENT_NAME", value = logical(0))
     3. \-base::`$<-.data.frame`(`*tmp*`, "CATCHMENT_NAME", value = logical(0))
     -- Error (test-SEPA.R:16:3): Test tsSEPA function ------------------------------
     Error: undefined columns selected
     Backtrace:
     x
     1. \-hddtools::tsSEPA(id = "234253") test-SEPA.R:16:2
     2. +-zoo::zoo(sepaTS[, 2], order.by = datetime)
     3. +-sepaTS[, 2]
     4. \-base::`[.data.frame`(sepaTS, , 2)
    
     [ FAIL 2 | WARN 0 | SKIP 4 | PASS 10 ]
     Error: Test failures
     Execution halted
Flavor: r-devel-windows-ix86+x86_64

Version: 0.9.1
Check: re-building of vignette outputs
Result: WARN
    Error(s) in re-building vignettes:
    --- re-building 'hddtools_vignette.Rmd' using rmarkdown
    Loading required package: rgdal
    Loading required package: sp
    rgdal: version: 1.5-19, (SVN revision 1092)
    Geospatial Data Abstraction Library extensions to R successfully loaded
    Loaded GDAL runtime: GDAL 3.0.4, released 2020/01/28
    Path to GDAL shared files: D:/temp/Rtmp8WI0D5/RLIBS_179f41e0e7d5d/rgdal/gdal
    GDAL binary built with GEOS: TRUE
    Loaded PROJ runtime: Rel. 6.3.1, February 10th, 2020, [PJ_VERSION: 631]
    Path to PROJ shared files: D:/temp/Rtmp8WI0D5/RLIBS_179f41e0e7d5d/rgdal/proj
    Linking to sp version:1.4-5
    To mute warnings of possible GDAL/OSR exportToProj4() degradation,
    use options("rgdal_show_exportToProj4_warnings"="none") before loading rgdal.
    
    Attaching package: 'dplyr'
    
    The following objects are masked from 'package:stats':
    
     filter, lag
    
    The following objects are masked from 'package:base':
    
     intersect, setdiff, setequal, union
    
    Quitting from lines 210-212 (hddtools_vignette.Rmd)
    Error: processing vignette 'hddtools_vignette.Rmd' failed with diagnostics:
    replacement has 0 rows, data has 497
    --- failed re-building 'hddtools_vignette.Rmd'
    
    SUMMARY: processing the following file failed:
     'hddtools_vignette.Rmd'
    
    Error: Vignette re-building failed.
    Execution halted
Flavor: r-devel-windows-ix86+x86_64

Version: 0.9.1
Check: tests
Result: ERROR
     Running 'testthat.R' [21s]
    Running the tests in 'tests/testthat.R' failed.
    Complete output:
     > library('testthat')
     > library('hddtools')
     Loading required package: rgdal
     Loading required package: sp
     rgdal: version: 1.5-19, (SVN revision 1092)
     Geospatial Data Abstraction Library extensions to R successfully loaded
     Loaded GDAL runtime: GDAL 3.0.4, released 2020/01/28
     Path to GDAL shared files: D:/temp/RtmpEt7wfF/RLIBS_1c5a4177e3174/rgdal/gdal
     GDAL binary built with GEOS: TRUE
     Loaded PROJ runtime: Rel. 6.3.1, February 10th, 2020, [PJ_VERSION: 631]
     Path to PROJ shared files: D:/temp/RtmpEt7wfF/RLIBS_1c5a4177e3174/rgdal/proj
     Linking to sp version:1.4-5
     To mute warnings of possible GDAL/OSR exportToProj4() degradation,
     use options("rgdal_show_exportToProj4_warnings"="none") before loading rgdal.
     >
     > test_check('hddtools')
     == Skipped tests ===============================================================
     * On CRAN (4)
    
     == Failed tests ================================================================
     -- Error (test-SEPA.R:6:3): Test catalogueSEPA ---------------------------------
     Error: replacement has 0 rows, data has 497
     Backtrace:
     x
     1. \-hddtools::catalogueSEPA() test-SEPA.R:6:2
     2. +-base::`$<-`(`*tmp*`, "CATCHMENT_NAME", value = logical(0))
     3. \-base::`$<-.data.frame`(`*tmp*`, "CATCHMENT_NAME", value = logical(0))
     -- Error (test-SEPA.R:16:3): Test tsSEPA function ------------------------------
     Error: undefined columns selected
     Backtrace:
     x
     1. \-hddtools::tsSEPA(id = "234253") test-SEPA.R:16:2
     2. +-zoo::zoo(sepaTS[, 2], order.by = datetime)
     3. +-sepaTS[, 2]
     4. \-base::`[.data.frame`(sepaTS, , 2)
    
     [ FAIL 2 | WARN 0 | SKIP 4 | PASS 10 ]
     Error: Test failures
     Execution halted
Flavor: r-release-windows-ix86+x86_64

Version: 0.9.1
Check: re-building of vignette outputs
Result: WARN
    Error(s) in re-building vignettes:
    --- re-building 'hddtools_vignette.Rmd' using rmarkdown
    Loading required package: rgdal
    Loading required package: sp
    rgdal: version: 1.5-19, (SVN revision 1092)
    Geospatial Data Abstraction Library extensions to R successfully loaded
    Loaded GDAL runtime: GDAL 3.0.4, released 2020/01/28
    Path to GDAL shared files: D:/temp/RtmpEt7wfF/RLIBS_1c5a444b2bc6/rgdal/gdal
    GDAL binary built with GEOS: TRUE
    Loaded PROJ runtime: Rel. 6.3.1, February 10th, 2020, [PJ_VERSION: 631]
    Path to PROJ shared files: D:/temp/RtmpEt7wfF/RLIBS_1c5a444b2bc6/rgdal/proj
    Linking to sp version:1.4-5
    To mute warnings of possible GDAL/OSR exportToProj4() degradation,
    use options("rgdal_show_exportToProj4_warnings"="none") before loading rgdal.
    
    Attaching package: 'dplyr'
    
    The following objects are masked from 'package:stats':
    
     filter, lag
    
    The following objects are masked from 'package:base':
    
     intersect, setdiff, setequal, union
    
    Quitting from lines 210-212 (hddtools_vignette.Rmd)
    Error: processing vignette 'hddtools_vignette.Rmd' failed with diagnostics:
    replacement has 0 rows, data has 497
    --- failed re-building 'hddtools_vignette.Rmd'
    
    SUMMARY: processing the following file failed:
     'hddtools_vignette.Rmd'
    
    Error: Vignette re-building failed.
    Execution halted
Flavor: r-release-windows-ix86+x86_64