Last updated on 2021-01-20 07:49:12 CET.
Flavor | Version | Tinstall | Tcheck | Ttotal | Status | Flags |
---|---|---|---|---|---|---|
r-devel-linux-x86_64-debian-clang | 3.32.0.1 | 28.80 | 145.09 | 173.89 | OK | |
r-devel-linux-x86_64-debian-gcc | 3.32.0.1 | 23.66 | 107.96 | 131.62 | OK | |
r-devel-linux-x86_64-fedora-clang | 3.32.0.1 | 212.88 | NOTE | |||
r-devel-linux-x86_64-fedora-gcc | 3.32.0.1 | 204.77 | OK | |||
r-devel-windows-ix86+x86_64 | 3.32.0.1 | 51.00 | 154.00 | 205.00 | NOTE | |
r-patched-linux-x86_64 | 3.32.0.1 | 27.09 | 133.62 | 160.71 | OK | |
r-patched-solaris-x86 | 3.32.0.1 | 241.40 | NOTE | |||
r-release-linux-x86_64 | 3.32.0.1 | 27.66 | 132.84 | 160.50 | OK | |
r-release-macos-x86_64 | 3.32.0.1 | NOTE | ||||
r-release-windows-ix86+x86_64 | 3.32.0.1 | 73.00 | 156.00 | 229.00 | NOTE | |
r-oldrel-macos-x86_64 | 3.32.0.1 | NOTE | ||||
r-oldrel-windows-ix86+x86_64 | 3.32.0.1 | 55.00 | 119.00 | 174.00 | NOTE |
Version: 3.32.0.1
Check: installed package size
Result: NOTE
installed size is 168.6Mb
sub-directories of 1Mb or more:
R 1.2Mb
java 166.1Mb
Flavors: r-devel-linux-x86_64-fedora-clang, r-devel-windows-ix86+x86_64, r-patched-solaris-x86, r-release-macos-x86_64, r-release-windows-ix86+x86_64, r-oldrel-macos-x86_64, r-oldrel-windows-ix86+x86_64