CRAN Package Check Results for Package gsl

Last updated on 2021-04-15 08:48:52 CEST.

Flavor Version Tinstall Tcheck Ttotal Status Flags
r-devel-linux-x86_64-debian-clang 2.1-6 13.67 62.26 75.93 OK
r-devel-linux-x86_64-debian-gcc 2.1-6 10.00 47.62 57.62 OK
r-devel-linux-x86_64-fedora-clang 2.1-6 101.51 OK
r-devel-linux-x86_64-fedora-gcc 2.1-6 90.45 OK
r-devel-windows-ix86+x86_64 2.1-6 46.00 96.00 142.00 OK
r-devel-windows-x86_64-gcc10-UCRT 2.1-6 OK
r-patched-linux-x86_64 2.1-6 11.89 58.29 70.18 OK
r-patched-solaris-x86 2.1-6 109.60 OK
r-release-linux-x86_64 2.1-6 11.93 57.63 69.56 OK
r-release-macos-x86_64 2.1-6 OK
r-release-windows-ix86+x86_64 2.1-6 39.00 67.00 106.00 OK
r-oldrel-macos-x86_64 2.1-6 ERROR
r-oldrel-windows-ix86+x86_64 2.1-6 43.00 101.00 144.00 OK

Check Details

Version: 2.1-6
Check: whether package can be installed
Result: ERROR
    Installation failed.
Flavor: r-oldrel-macos-x86_64