Last updated on 2021-04-23 07:47:49 CEST.
Flavor | Version | Tinstall | Tcheck | Ttotal | Status | Flags |
---|---|---|---|---|---|---|
r-devel-linux-x86_64-debian-clang | 2.2.2 | 10.05 | 98.50 | 108.55 | NOTE | |
r-devel-linux-x86_64-debian-gcc | 2.2.2 | 8.91 | 73.12 | 82.03 | NOTE | |
r-devel-linux-x86_64-fedora-clang | 2.2.2 | 137.94 | NOTE | |||
r-devel-linux-x86_64-fedora-gcc | 2.2.2 | 124.72 | NOTE | |||
r-devel-windows-ix86+x86_64 | 2.2.2 | 25.00 | 235.00 | 260.00 | NOTE | |
r-devel-windows-x86_64-gcc10-UCRT | 2.2.2 | NOTE | ||||
r-patched-linux-x86_64 | 2.2.2 | 9.52 | 91.62 | 101.14 | NOTE | |
r-patched-solaris-x86 | 2.2.2 | 186.00 | OK | |||
r-release-linux-x86_64 | 2.2.2 | 9.07 | 90.02 | 99.09 | OK | |
r-release-macos-x86_64 | 2.2.2 | OK | ||||
r-release-windows-ix86+x86_64 | 2.2.2 | 23.00 | 221.00 | 244.00 | WARN | |
r-oldrel-macos-x86_64 | 2.2.2 | OK | ||||
r-oldrel-windows-ix86+x86_64 | 2.2.2 | 36.00 | 243.00 | 279.00 | OK |
Version: 2.2.2
Check: LazyData
Result: NOTE
'LazyData' is specified without a 'data' directory
Flavors: r-devel-linux-x86_64-debian-clang, r-devel-linux-x86_64-debian-gcc, r-devel-linux-x86_64-fedora-clang, r-devel-linux-x86_64-fedora-gcc, r-devel-windows-ix86+x86_64, r-devel-windows-x86_64-gcc10-UCRT, r-patched-linux-x86_64
Version: 2.2.2
Check: R files for syntax errors
Result: WARN
Warnings in file 'R/utils.R':
unable to translate '<U+00E9>' to native encoding
unable to translate '<U+00F6>' to native encoding
unable to translate '<U+00F8>' to native encoding
unable to translate '<U+2019>' to native encoding
Flavor: r-release-windows-ix86+x86_64