CRAN Package Check Results for Package gamlss.dist

Last updated on 2021-04-19 08:47:53 CEST.

Flavor Version Tinstall Tcheck Ttotal Status Flags
r-devel-linux-x86_64-debian-clang 5.3-2 53.75 231.54 285.29 OK
r-devel-linux-x86_64-debian-gcc 5.3-2 40.83 170.20 211.03 OK
r-devel-linux-x86_64-fedora-clang 5.3-2 347.97 NOTE
r-devel-linux-x86_64-fedora-gcc 5.3-2 339.51 OK
r-devel-windows-ix86+x86_64 5.3-2 102.00 197.00 299.00 OK
r-devel-windows-x86_64-gcc10-UCRT 5.3-2 OK
r-patched-linux-x86_64 5.3-2 52.45 201.99 254.44 OK
r-patched-solaris-x86 5.3-2 349.80 OK
r-release-linux-x86_64 5.3-2 50.70 199.59 250.29 OK
r-release-macos-x86_64 5.3-2 OK
r-release-windows-ix86+x86_64 5.3-2 97.00 259.00 356.00 OK
r-oldrel-macos-x86_64 5.3-2 OK
r-oldrel-windows-ix86+x86_64 5.3-2 59.00 231.00 290.00 OK

Check Details

Version: 5.3-2
Check: Rd cross-references
Result: NOTE
    Undeclared package ‘gamlss’ in Rd xrefs
Flavor: r-devel-linux-x86_64-fedora-clang