Last updated on 2021-01-16 07:49:16 CET.
Flavor | Version | Tinstall | Tcheck | Ttotal | Status | Flags |
---|---|---|---|---|---|---|
r-devel-linux-x86_64-debian-clang | 1.21.0 | 7.81 | 203.81 | 211.62 | OK | |
r-devel-linux-x86_64-debian-gcc | 1.21.0 | 6.15 | 156.00 | 162.15 | OK | |
r-devel-linux-x86_64-fedora-clang | 1.21.0 | 266.34 | OK | |||
r-devel-linux-x86_64-fedora-gcc | 1.21.0 | 295.35 | OK | |||
r-devel-windows-ix86+x86_64 | 1.21.0 | 10.00 | 300.00 | 310.00 | OK | |
r-patched-linux-x86_64 | 1.21.0 | 7.49 | 203.80 | 211.29 | OK | |
r-patched-solaris-x86 | 1.21.0 | 124.90 | OK | --no-tests | ||
r-release-linux-x86_64 | 1.21.0 | 7.41 | 205.93 | 213.34 | OK | |
r-release-macos-x86_64 | 1.21.0 | OK | ||||
r-release-windows-ix86+x86_64 | 1.21.0 | 11.00 | 293.00 | 304.00 | OK | |
r-oldrel-macos-x86_64 | 1.21.0 | NOTE | ||||
r-oldrel-windows-ix86+x86_64 | 1.21.0 | 12.00 | 270.00 | 282.00 | NOTE |
Version: 1.21.0
Check: R code for possible problems
Result: NOTE
getExpression.ClusterFuture: Error while checking: no local variable
entry
getExpression.Future: Error while checking: no local variable entry
getExpression.MulticoreFuture: Error while checking: no local variable
entry
getExpression.UniprocessFuture: no visible global function definition
for ‘.’
makeExpression: no visible global function definition for ‘.’
makeExpression: Error while checking: no local variable entry
tweak.future: no visible global function definition for ‘..’
Undefined global functions or variables:
. ..
Flavors: r-oldrel-macos-x86_64, r-oldrel-windows-ix86+x86_64