CRAN Package Check Results for Package ecoval

Last updated on 2021-01-15 07:50:41 CET.

Flavor Version Tinstall Tcheck Ttotal Status Flags
r-devel-linux-x86_64-debian-clang 1.2.7 12.83 77.78 90.61 OK
r-devel-linux-x86_64-debian-gcc 1.2.7 13.50 57.35 70.85 OK
r-devel-linux-x86_64-fedora-clang 1.2.7 119.87 NOTE
r-devel-linux-x86_64-fedora-gcc 1.2.7 110.01 NOTE
r-devel-windows-ix86+x86_64 1.2.7 25.00 86.00 111.00 OK
r-patched-linux-x86_64 1.2.7 12.92 70.63 83.55 OK
r-patched-solaris-x86 1.2.7 135.10 NOTE
r-release-linux-x86_64 1.2.7 17.23 71.56 88.79 OK
r-release-macos-x86_64 1.2.7 NOTE
r-release-windows-ix86+x86_64 1.2.7 20.00 68.00 88.00 OK
r-oldrel-macos-x86_64 1.2.7 NOTE
r-oldrel-windows-ix86+x86_64 1.2.7 17.00 74.00 91.00 OK

Check Details

Version: 1.2.7
Check: data for non-ASCII characters
Result: NOTE
     Note: found 5 marked UTF-8 strings
Flavors: r-devel-linux-x86_64-fedora-clang, r-devel-linux-x86_64-fedora-gcc, r-patched-solaris-x86, r-release-macos-x86_64, r-oldrel-macos-x86_64