Last updated on 2021-04-22 07:48:04 CEST.
Flavor | Version | Tinstall | Tcheck | Ttotal | Status | Flags |
---|---|---|---|---|---|---|
r-devel-linux-x86_64-debian-clang | 1.3.0 | 3.48 | 48.54 | 52.02 | NOTE | |
r-devel-linux-x86_64-debian-gcc | 1.3.0 | 2.54 | 38.66 | 41.20 | NOTE | |
r-devel-linux-x86_64-fedora-clang | 1.3.0 | 71.28 | NOTE | |||
r-devel-linux-x86_64-fedora-gcc | 1.3.0 | 63.89 | NOTE | |||
r-devel-windows-ix86+x86_64 | 1.3.0 | 7.00 | 70.00 | 77.00 | NOTE | |
r-devel-windows-x86_64-gcc10-UCRT | 1.3.0 | NOTE | ||||
r-patched-linux-x86_64 | 1.3.0 | 3.45 | 47.53 | 50.98 | OK | |
r-patched-solaris-x86 | 1.3.0 | 93.20 | OK | |||
r-release-linux-x86_64 | 1.3.0 | 2.78 | 47.64 | 50.42 | OK | |
r-release-macos-x86_64 | 1.3.0 | OK | ||||
r-release-windows-ix86+x86_64 | 1.3.0 | 7.00 | 73.00 | 80.00 | OK | |
r-oldrel-macos-x86_64 | 1.3.0 | OK | ||||
r-oldrel-windows-ix86+x86_64 | 1.3.0 | 18.00 | 65.00 | 83.00 | OK |
Version: 1.3.0
Check: LazyData
Result: NOTE
'LazyData' is specified without a 'data' directory
Flavors: r-devel-linux-x86_64-debian-clang, r-devel-linux-x86_64-debian-gcc, r-devel-linux-x86_64-fedora-clang, r-devel-linux-x86_64-fedora-gcc, r-devel-windows-ix86+x86_64, r-devel-windows-x86_64-gcc10-UCRT