CRAN Package Check Results for Package dynatopmodel

Last updated on 2021-01-25 08:48:40 CET.

Flavor Version Tinstall Tcheck Ttotal Status Flags
r-devel-linux-x86_64-debian-clang 1.2.1 20.05 117.42 137.47 OK
r-devel-linux-x86_64-debian-gcc 1.2.1 14.61 89.25 103.86 OK
r-devel-linux-x86_64-fedora-clang 1.2.1 173.91 NOTE
r-devel-linux-x86_64-fedora-gcc 1.2.1 164.45 NOTE
r-devel-windows-ix86+x86_64 1.2.1 34.00 132.00 166.00 OK
r-patched-linux-x86_64 1.2.1 16.89 107.80 124.69 OK
r-patched-solaris-x86 1.2.1 227.80 NOTE
r-release-linux-x86_64 1.2.1 16.03 109.18 125.21 OK
r-release-macos-x86_64 1.2.1 NOTE
r-release-windows-ix86+x86_64 1.2.1 35.00 103.00 138.00 OK
r-oldrel-macos-x86_64 1.2.1 NOTE
r-oldrel-windows-ix86+x86_64 1.2.1 26.00 122.00 148.00 OK

Check Details

Version: 1.2.1
Check: dependencies in R code
Result: NOTE
    Namespaces in Imports field not imported from:
     ‘maptools’ ‘tools’
     All declared Imports should be used.
Flavors: r-devel-linux-x86_64-fedora-clang, r-devel-linux-x86_64-fedora-gcc, r-patched-solaris-x86, r-release-macos-x86_64, r-oldrel-macos-x86_64